CRAN Package Check Results for Package WordPools

Last updated on 2025-11-16 18:49:49 CET.

Flavor Version Tinstall Tcheck Ttotal Status Flags
r-devel-linux-x86_64-debian-clang 1.2.0 1.59 23.22 24.81 NOTE
r-devel-linux-x86_64-debian-gcc 1.2.0 1.48 19.61 21.09 NOTE
r-devel-linux-x86_64-fedora-clang 1.2.0 36.47 NOTE
r-devel-linux-x86_64-fedora-gcc 1.2.0 36.42 NOTE
r-devel-windows-x86_64 1.2.0 4.00 42.00 46.00 NOTE
r-patched-linux-x86_64 1.2.0 2.04 22.09 24.13 NOTE
r-release-linux-x86_64 1.2.0 1.60 22.07 23.67 NOTE
r-release-macos-arm64 1.2.0 1.00 17.00 18.00 NOTE
r-release-macos-x86_64 1.2.0 2.00 24.00 26.00 NOTE
r-release-windows-x86_64 1.2.0 3.00 43.00 46.00 NOTE
r-oldrel-macos-arm64 1.2.0 1.00 15.00 16.00 OK
r-oldrel-macos-x86_64 1.2.0 1.00 22.00 23.00 OK
r-oldrel-windows-x86_64 1.2.0 4.00 49.00 53.00 OK

Check Details

Version: 1.2.0
Check: DESCRIPTION meta-information
Result: NOTE Missing dependency on R >= 4.1.0 because package code uses the pipe |> or function shorthand \(...) syntax added in R 4.1.0. File(s) using such syntax: ‘TWP.Rd’ Flavors: r-devel-linux-x86_64-debian-clang, r-devel-linux-x86_64-debian-gcc, r-devel-linux-x86_64-fedora-clang, r-devel-linux-x86_64-fedora-gcc, r-devel-windows-x86_64, r-patched-linux-x86_64, r-release-linux-x86_64, r-release-macos-arm64, r-release-macos-x86_64, r-release-windows-x86_64