Last updated on 2024-07-13 05:49:30 CEST.
Flavor | Version | Tinstall | Tcheck | Ttotal | Status | Flags |
---|---|---|---|---|---|---|
r-devel-linux-x86_64-debian-clang | 0.11-2 | 6.95 | 45.83 | 52.78 | NOTE | |
r-devel-linux-x86_64-debian-gcc | 0.11-2 | 5.70 | 35.24 | 40.94 | NOTE | |
r-devel-linux-x86_64-fedora-clang | 0.11-2 | 70.35 | NOTE | |||
r-devel-linux-x86_64-fedora-gcc | 0.11-2 | 77.28 | NOTE | |||
r-devel-windows-x86_64 | 0.11-2 | 7.00 | 60.00 | 67.00 | NOTE | |
r-patched-linux-x86_64 | 0.11-2 | 6.99 | 43.90 | 50.89 | NOTE | |
r-release-linux-x86_64 | 0.11-2 | 6.50 | 45.02 | 51.52 | NOTE | |
r-release-macos-arm64 | 0.11-2 | 28.00 | NOTE | |||
r-release-macos-x86_64 | 0.11-2 | 47.00 | NOTE | |||
r-release-windows-x86_64 | 0.11-2 | 8.00 | 59.00 | 67.00 | NOTE | |
r-oldrel-macos-arm64 | 0.11-2 | 34.00 | OK | |||
r-oldrel-macos-x86_64 | 0.11-2 | 62.00 | OK | |||
r-oldrel-windows-x86_64 | 0.11-2 | 10.00 | 66.00 | 76.00 | OK |
Version: 0.11-2
Check: Rd files
Result: NOTE
checkRd: (-1) XMLGetters-methods.Rd:165: Lost braces in \itemize; meant \describe ?
checkRd: (-1) XMLGetters-methods.Rd:166: Lost braces in \itemize; meant \describe ?
checkRd: (-1) XMLGetters-methods.Rd:167: Lost braces in \itemize; meant \describe ?
checkRd: (-1) XMLGetters-methods.Rd:168-169: Lost braces in \itemize; meant \describe ?
checkRd: (-1) XMLGetters-methods.Rd:170: Lost braces in \itemize; meant \describe ?
checkRd: (-1) XMLGetters-methods.Rd:171: Lost braces in \itemize; meant \describe ?
checkRd: (-1) XMLGetters-methods.Rd:172: Lost braces in \itemize; meant \describe ?
checkRd: (-1) XMLGetters-methods.Rd:179-182: Lost braces in \itemize; meant \describe ?
checkRd: (-1) XMLGetters-methods.Rd:191: Lost braces in \itemize; meant \describe ?
Flavors: r-devel-linux-x86_64-debian-clang, r-devel-linux-x86_64-debian-gcc, r-devel-linux-x86_64-fedora-clang, r-devel-linux-x86_64-fedora-gcc, r-devel-windows-x86_64, r-patched-linux-x86_64, r-release-linux-x86_64, r-release-macos-arm64, r-release-macos-x86_64, r-release-windows-x86_64