CRAN Package Check Results for Package abglasso

Last updated on 2025-07-18 19:50:07 CEST.

Flavor Version Tinstall Tcheck Ttotal Status Flags
r-devel-linux-x86_64-debian-clang 0.1.1 1.74 18.72 20.46 OK
r-devel-linux-x86_64-debian-gcc 0.1.1 1.45 16.07 17.52 OK
r-devel-linux-x86_64-fedora-clang 0.1.1 31.62 NOTE
r-devel-linux-x86_64-fedora-gcc 0.1.1 30.70 NOTE
r-devel-windows-x86_64 0.1.1 2.00 40.00 42.00 OK
r-patched-linux-x86_64 0.1.1 1.79 17.77 19.56 OK
r-release-linux-x86_64 0.1.1 1.74 17.69 19.43 OK
r-release-macos-arm64 0.1.1 17.00 OK
r-release-macos-x86_64 0.1.1 24.00 OK
r-release-windows-x86_64 0.1.1 4.00 40.00 44.00 OK
r-oldrel-macos-arm64 0.1.1 15.00 OK
r-oldrel-macos-x86_64 0.1.1 23.00 OK
r-oldrel-windows-x86_64 0.1.1 4.00 43.00 47.00 OK

Check Details

Version: 0.1.1
Check: dependencies in R code
Result: NOTE Namespace in Imports field not imported from: ‘MASS’ All declared Imports should be used. Flavors: r-devel-linux-x86_64-fedora-clang, r-devel-linux-x86_64-fedora-gcc