Last updated on 2024-06-27 16:48:59 CEST.
Flavor | Version | Tinstall | Tcheck | Ttotal | Status | Flags |
---|---|---|---|---|---|---|
r-devel-linux-x86_64-debian-clang | 0.2 | OK | ||||
r-devel-linux-x86_64-debian-gcc | 0.2 | 4.99 | 41.05 | 46.04 | OK | |
r-devel-linux-x86_64-fedora-clang | 0.2 | 75.05 | NOTE | |||
r-devel-linux-x86_64-fedora-gcc | 0.2 | 72.12 | OK | |||
r-devel-windows-x86_64 | 0.2 | 7.00 | 64.00 | 71.00 | OK | |
r-patched-linux-x86_64 | 0.2 | 6.17 | 50.57 | 56.74 | OK | |
r-release-linux-x86_64 | 0.2 | 5.62 | 52.54 | 58.16 | OK | |
r-release-macos-arm64 | 0.2 | 25.00 | OK | |||
r-release-macos-x86_64 | 0.2 | 44.00 | OK | |||
r-release-windows-x86_64 | 0.2 | 8.00 | 65.00 | 73.00 | OK | |
r-oldrel-macos-arm64 | 0.2 | 27.00 | OK | |||
r-oldrel-macos-x86_64 | 0.2 | 39.00 | OK | |||
r-oldrel-windows-x86_64 | 0.2 | 8.00 | 67.00 | 75.00 | OK |
Version: 0.2
Check: Rd cross-references
Result: NOTE
Undeclared package ‘CCA’ in Rd xrefs
Flavor: r-devel-linux-x86_64-fedora-clang