Last updated on 2024-06-27 16:48:59 CEST.
Flavor | Version | Tinstall | Tcheck | Ttotal | Status | Flags |
---|---|---|---|---|---|---|
r-devel-linux-x86_64-debian-clang | 2.3-1 | NOTE | ||||
r-devel-linux-x86_64-debian-gcc | 2.3-1 | 6.26 | 23.06 | 29.32 | NOTE | |
r-devel-linux-x86_64-fedora-clang | 2.3-1 | 50.45 | NOTE | |||
r-devel-linux-x86_64-fedora-gcc | 2.3-1 | 69.95 | NOTE | |||
r-devel-windows-x86_64 | 2.3-1 | 9.00 | 78.00 | 87.00 | NOTE | |
r-patched-linux-x86_64 | 2.3-1 | 8.35 | 29.50 | 37.85 | OK | |
r-release-linux-x86_64 | 2.3-1 | 8.85 | 29.41 | 38.26 | OK | |
r-release-macos-arm64 | 2.3-1 | 48.00 | OK | |||
r-release-macos-x86_64 | 2.3-1 | 63.00 | OK | |||
r-release-windows-x86_64 | 2.3-1 | 9.00 | 79.00 | 88.00 | OK | |
r-oldrel-macos-arm64 | 2.3-1 | 57.00 | OK | |||
r-oldrel-macos-x86_64 | 2.3-1 | 120.00 | OK | |||
r-oldrel-windows-x86_64 | 2.3-1 | 11.00 | 80.00 | 91.00 | OK |
Version: 2.3-1
Check: compiled code
Result: NOTE
File ‘adaptivetau/libs/adaptivetau.so’:
Found non-API call to R: ‘STRING_PTR’
Compiled code should not call non-API entry points in R.
See ‘Writing portable packages’ in the ‘Writing R Extensions’ manual.
Flavors: r-devel-linux-x86_64-debian-clang, r-devel-linux-x86_64-fedora-clang, r-devel-linux-x86_64-fedora-gcc
Version: 2.3-1
Check: compiled code
Result: NOTE
File ‘adaptivetau/libs/adaptivetau.so’:
Found non-API call to R: ‘STRING_PTR’
Compiled code should not call non-API entry points in R.
See ‘Writing portable packages’ in the ‘Writing R Extensions’ manual.
See section ‘Moving into C API compliance’ in the ‘Writing R
Extensions’ manual for issues with use of non-API entry points.
Flavor: r-devel-linux-x86_64-debian-gcc
Version: 2.3-1
Check: compiled code
Result: NOTE
File 'adaptivetau/libs/x64/adaptivetau.dll':
Found non-API call to R: 'STRING_PTR'
Compiled code should not call non-API entry points in R.
See 'Writing portable packages' in the 'Writing R Extensions' manual.
Flavor: r-devel-windows-x86_64