Last updated on 2025-07-18 07:49:23 CEST.
Flavor | Version | Tinstall | Tcheck | Ttotal | Status | Flags |
---|---|---|---|---|---|---|
r-devel-linux-x86_64-debian-clang | 3.0 | 10.29 | 85.91 | 96.20 | NOTE | |
r-devel-linux-x86_64-debian-gcc | 3.0 | 7.14 | 61.93 | 69.07 | NOTE | |
r-devel-linux-x86_64-fedora-clang | 3.0 | 148.29 | OK | |||
r-devel-linux-x86_64-fedora-gcc | 3.0 | 138.11 | OK | |||
r-devel-windows-x86_64 | 3.0 | 12.00 | 98.00 | 110.00 | OK | |
r-patched-linux-x86_64 | 3.0 | 10.48 | 78.64 | 89.12 | OK | |
r-release-linux-x86_64 | 3.0 | 9.83 | 79.43 | 89.26 | OK | |
r-release-macos-arm64 | 3.0 | 48.00 | OK | |||
r-release-macos-x86_64 | 3.0 | 100.00 | OK | |||
r-release-windows-x86_64 | 3.0 | 11.00 | 101.00 | 112.00 | OK | |
r-oldrel-macos-arm64 | 3.0 | 39.00 | NOTE | |||
r-oldrel-macos-x86_64 | 3.0 | 70.00 | NOTE | |||
r-oldrel-windows-x86_64 | 3.0 | 14.00 | 117.00 | 131.00 | NOTE |
Version: 3.0
Check: CRAN incoming feasibility
Result: NOTE
Maintainer: ‘Mark W. Donoghoe <markdonoghoe@gmail.com>’
Package CITATION file contains call(s) to old-style personList() or
as.personList(). Please use c() on person objects instead.
Package CITATION file contains call(s) to old-style citEntry(). Please
use bibentry() instead.
Flavors: r-devel-linux-x86_64-debian-clang, r-devel-linux-x86_64-debian-gcc
Version: 3.0
Check: LazyData
Result: NOTE
'LazyData' is specified without a 'data' directory
Flavors: r-oldrel-macos-arm64, r-oldrel-macos-x86_64, r-oldrel-windows-x86_64