Last updated on 2025-04-29 13:51:15 CEST.
Flavor | Version | Tinstall | Tcheck | Ttotal | Status | Flags |
---|---|---|---|---|---|---|
r-devel-linux-x86_64-debian-clang | 1.0.7 | 439.73 | 334.20 | 773.93 | NOTE | |
r-devel-linux-x86_64-debian-gcc | 1.0.7 | 358.35 | 237.37 | 595.72 | OK | |
r-devel-linux-x86_64-fedora-clang | 1.0.7 | 1371.30 | OK | |||
r-devel-linux-x86_64-fedora-gcc | 1.0.7 | 1428.07 | OK | |||
r-devel-windows-x86_64 | 1.0.7 | 418.00 | 367.00 | 785.00 | OK | |
r-patched-linux-x86_64 | 1.0.7 | 497.54 | 358.97 | 856.51 | OK | |
r-release-linux-x86_64 | 1.0.7 | 480.36 | 355.62 | 835.98 | OK | |
r-release-macos-arm64 | 1.0.7 | 334.00 | OK | |||
r-release-macos-x86_64 | 1.0.7 | 614.00 | OK | |||
r-release-windows-x86_64 | 1.0.7 | 423.00 | 379.00 | 802.00 | OK | |
r-oldrel-macos-arm64 | 1.0.7 | 302.00 | NOTE | |||
r-oldrel-macos-x86_64 | 1.0.7 | 506.00 | NOTE | |||
r-oldrel-windows-x86_64 | 1.0.7 | 475.00 | 508.00 | 983.00 | NOTE |
Version: 1.0.7
Check: examples
Result: NOTE
Examples with CPU (user + system) or elapsed time > 5s
user system elapsed
plot.cv.grpnet 4.856 0.226 3.368
Flavor: r-devel-linux-x86_64-debian-clang
Version: 1.0.7
Check: installed package size
Result: NOTE
installed size is 211.4Mb
sub-directories of 1Mb or more:
adelie 2.0Mb
doc 1.6Mb
libs 207.5Mb
Flavors: r-oldrel-macos-arm64, r-oldrel-macos-x86_64, r-oldrel-windows-x86_64