Last updated on 2025-11-16 12:49:23 CET.
| Flavor | Version | Tinstall | Tcheck | Ttotal | Status | Flags |
|---|---|---|---|---|---|---|
| r-devel-linux-x86_64-debian-clang | 1.3.0 | 11.29 | 83.74 | 95.03 | OK | |
| r-devel-linux-x86_64-debian-gcc | 1.3.0 | 7.69 | 59.54 | 67.23 | NOTE | |
| r-devel-linux-x86_64-fedora-clang | 1.3.0 | 75.00 | 84.94 | 159.94 | OK | |
| r-devel-linux-x86_64-fedora-gcc | 1.3.0 | 24.00 | 131.02 | 155.02 | OK | |
| r-devel-windows-x86_64 | 1.3.0 | 17.00 | 97.00 | 114.00 | OK | |
| r-patched-linux-x86_64 | 1.3.0 | 10.16 | 79.15 | 89.31 | OK | |
| r-release-linux-x86_64 | 1.3.0 | 9.11 | 78.29 | 87.40 | OK | |
| r-release-macos-arm64 | 1.3.0 | 5.00 | 43.00 | 48.00 | OK | |
| r-release-macos-x86_64 | 1.3.0 | 18.00 | 91.00 | 109.00 | OK | |
| r-release-windows-x86_64 | 1.3.0 | 16.00 | 94.00 | 110.00 | OK | |
| r-oldrel-macos-arm64 | 1.3.0 | 6.00 | 48.00 | 54.00 | OK | |
| r-oldrel-macos-x86_64 | 1.3.0 | 15.00 | 95.00 | 110.00 | OK | |
| r-oldrel-windows-x86_64 | 1.3.0 | 22.00 | 118.00 | 140.00 | OK |
Version: 1.3.0
Check: CRAN incoming feasibility
Result: NOTE
Maintainer: ‘Edoardo Mancini <edoardo.mancini@roche.com>’
The BugReports field in DESCRIPTION has
https://github.com/pharmaverse/admiralophtha/issues/
which should likely be
https://github.com/pharmaverse/admiralophtha/issues/issues
instead.
Flavor: r-devel-linux-x86_64-debian-gcc