Last updated on 2025-11-16 18:49:23 CET.
| Flavor | Version | Tinstall | Tcheck | Ttotal | Status | Flags |
|---|---|---|---|---|---|---|
| r-devel-linux-x86_64-debian-clang | 0.5.0 | 9.98 | 83.41 | 93.39 | NOTE | |
| r-devel-linux-x86_64-debian-gcc | 0.5.0 | 7.39 | 59.56 | 66.95 | NOTE | |
| r-devel-linux-x86_64-fedora-clang | 0.5.0 | 24.00 | 120.64 | 144.64 | NOTE | |
| r-devel-linux-x86_64-fedora-gcc | 0.5.0 | 22.00 | 125.21 | 147.21 | NOTE | |
| r-devel-windows-x86_64 | 0.5.0 | 18.00 | 99.00 | 117.00 | NOTE | |
| r-patched-linux-x86_64 | 0.5.0 | 10.09 | 76.38 | 86.47 | NOTE | |
| r-release-linux-x86_64 | 0.5.0 | 10.73 | 76.63 | 87.36 | NOTE | |
| r-release-macos-arm64 | 0.5.0 | 4.00 | 42.00 | 46.00 | NOTE | |
| r-release-macos-x86_64 | 0.5.0 | 13.00 | 75.00 | 88.00 | NOTE | |
| r-release-windows-x86_64 | 0.5.0 | 15.00 | 96.00 | 111.00 | NOTE | |
| r-oldrel-macos-arm64 | 0.5.0 | 4.00 | 46.00 | 50.00 | OK | |
| r-oldrel-macos-x86_64 | 0.5.0 | 12.00 | 120.00 | 132.00 | OK | |
| r-oldrel-windows-x86_64 | 0.5.0 | 17.00 | 114.00 | 131.00 | OK |
Version: 0.5.0
Check: DESCRIPTION meta-information
Result: NOTE
Missing dependency on R >= 4.1.0 because package code uses the pipe
|> or function shorthand \(...) syntax added in R 4.1.0.
File(s) using such syntax:
‘cm_formula.R’ ‘tag_add.R’
Flavors: r-devel-linux-x86_64-debian-clang, r-devel-linux-x86_64-debian-gcc, r-devel-linux-x86_64-fedora-clang, r-devel-linux-x86_64-fedora-gcc, r-devel-windows-x86_64, r-patched-linux-x86_64, r-release-linux-x86_64, r-release-macos-arm64, r-release-macos-x86_64, r-release-windows-x86_64