Last updated on 2025-04-29 13:51:15 CEST.
Flavor | Version | Tinstall | Tcheck | Ttotal | Status | Flags |
---|---|---|---|---|---|---|
r-devel-linux-x86_64-debian-clang | 1.42.12 | 2.52 | 35.52 | 38.04 | NOTE | |
r-devel-linux-x86_64-debian-gcc | 1.42.12 | 1.80 | 27.43 | 29.23 | NOTE | |
r-devel-linux-x86_64-fedora-clang | 1.42.12 | 58.84 | OK | |||
r-devel-linux-x86_64-fedora-gcc | 1.42.12 | 70.98 | OK | |||
r-devel-windows-x86_64 | 1.42.12 | 3.00 | 82.00 | 85.00 | OK | |
r-patched-linux-x86_64 | 1.42.12 | 3.21 | 33.88 | 37.09 | OK | |
r-release-linux-x86_64 | 1.42.12 | 2.43 | 33.82 | 36.25 | OK | |
r-release-macos-arm64 | 1.42.12 | 33.00 | OK | |||
r-release-macos-x86_64 | 1.42.12 | 54.00 | OK | |||
r-release-windows-x86_64 | 1.42.12 | 3.00 | 86.00 | 89.00 | OK | |
r-oldrel-macos-arm64 | 1.42.12 | 36.00 | OK | |||
r-oldrel-macos-x86_64 | 1.42.12 | 42.00 | OK | |||
r-oldrel-windows-x86_64 | 1.42.12 | 4.00 | 82.00 | 86.00 | OK |
Version: 1.42.12
Check: CRAN incoming feasibility
Result: NOTE
Maintainer: ‘Didier Ruedin <didier.ruedin@unine.ch>’
No Authors@R field in DESCRIPTION.
Please add one, modifying
Authors@R: person(given = "Didier",
family = "Ruedin",
role = c("ctb", "aut", "cre"),
email = "didier.ruedin@unine.ch")
as necessary.
Flavors: r-devel-linux-x86_64-debian-clang, r-devel-linux-x86_64-debian-gcc