Last updated on 2024-06-27 16:48:59 CEST.
Flavor | Version | Tinstall | Tcheck | Ttotal | Status | Flags |
---|---|---|---|---|---|---|
r-devel-linux-x86_64-debian-clang | 0.2.1 | OK | ||||
r-devel-linux-x86_64-debian-gcc | 0.2.1 | 1.64 | 14.37 | 16.01 | OK | |
r-devel-linux-x86_64-fedora-clang | 0.2.1 | 26.82 | NOTE | |||
r-devel-linux-x86_64-fedora-gcc | 0.2.1 | 26.34 | NOTE | |||
r-devel-windows-x86_64 | 0.2.1 | 2.00 | 37.00 | 39.00 | OK | |
r-patched-linux-x86_64 | 0.2.1 | 2.46 | 18.01 | 20.47 | OK | |
r-release-linux-x86_64 | 0.2.1 | 2.33 | 18.06 | 20.39 | OK | |
r-release-macos-arm64 | 0.2.1 | 14.00 | OK | |||
r-release-macos-x86_64 | 0.2.1 | 20.00 | OK | |||
r-release-windows-x86_64 | 0.2.1 | 3.00 | 37.00 | 40.00 | OK | |
r-oldrel-macos-arm64 | 0.2.1 | 15.00 | OK | |||
r-oldrel-macos-x86_64 | 0.2.1 | 37.00 | OK | |||
r-oldrel-windows-x86_64 | 0.2.1 | 3.00 | 39.00 | 42.00 | OK |
Version: 0.2.1
Check: data for non-ASCII characters
Result: NOTE
Note: found 17 marked UTF-8 strings
Flavors: r-devel-linux-x86_64-fedora-clang, r-devel-linux-x86_64-fedora-gcc