CRAN Package Check Results for Package alarmdata

Last updated on 2025-11-16 06:49:30 CET.

Flavor Version Tinstall Tcheck Ttotal Status Flags
r-devel-linux-x86_64-debian-clang 0.2.1 4.36 69.78 74.14 NOTE
r-devel-linux-x86_64-debian-gcc 0.2.1 3.06 49.81 52.87 NOTE
r-devel-linux-x86_64-fedora-clang 0.2.1 36.00 86.87 122.87 NOTE
r-devel-linux-x86_64-fedora-gcc 0.2.1 105.89 NOTE
r-devel-windows-x86_64 0.2.1 6.00 76.00 82.00 NOTE
r-patched-linux-x86_64 0.2.1 4.31 63.70 68.01 NOTE
r-release-linux-x86_64 0.2.1 4.21 63.45 67.66 NOTE
r-release-macos-arm64 0.2.1 2.00 30.00 32.00 NOTE
r-release-macos-x86_64 0.2.1 4.00 54.00 58.00 NOTE
r-release-windows-x86_64 0.2.1 6.00 73.00 79.00 NOTE
r-oldrel-macos-arm64 0.2.1 2.00 31.00 33.00 OK
r-oldrel-macos-x86_64 0.2.1 3.00 46.00 49.00 OK
r-oldrel-windows-x86_64 0.2.1 8.00 94.00 102.00 OK

Check Details

Version: 0.2.1
Check: DESCRIPTION meta-information
Result: NOTE Missing dependency on R >= 4.1.0 because package code uses the pipe |> or function shorthand \(...) syntax added in R 4.1.0. File(s) using such syntax: ‘calc_plan_stats.R’ Flavors: r-devel-linux-x86_64-debian-clang, r-devel-linux-x86_64-debian-gcc, r-devel-linux-x86_64-fedora-clang, r-devel-linux-x86_64-fedora-gcc, r-devel-windows-x86_64, r-patched-linux-x86_64, r-release-linux-x86_64, r-release-macos-arm64, r-release-macos-x86_64, r-release-windows-x86_64

Version: 0.2.1
Check: CRAN incoming feasibility
Result: NOTE Maintainer: ‘Cory McCartan <corymccartan@nyu.edu>’ The BugReports field in DESCRIPTION has https://github.com/alarm-redist/alarmdata/issues/ which should likely be https://github.com/alarm-redist/alarmdata/issues/issues instead. Flavor: r-devel-linux-x86_64-debian-gcc