Last updated on 2025-04-29 13:51:15 CEST.
Flavor | Version | Tinstall | Tcheck | Ttotal | Status | Flags |
---|---|---|---|---|---|---|
r-devel-linux-x86_64-debian-clang | 0.5 | 2.32 | 19.63 | 21.95 | NOTE | |
r-devel-linux-x86_64-debian-gcc | 0.5 | 1.69 | 15.97 | 17.66 | NOTE | |
r-devel-linux-x86_64-fedora-clang | 0.5 | 34.22 | OK | |||
r-devel-linux-x86_64-fedora-gcc | 0.5 | 32.91 | OK | |||
r-devel-windows-x86_64 | 0.5 | 4.00 | 41.00 | 45.00 | OK | |
r-patched-linux-x86_64 | 0.5 | 2.62 | 18.88 | 21.50 | OK | |
r-release-linux-x86_64 | 0.5 | 2.34 | 18.88 | 21.22 | OK | |
r-release-macos-arm64 | 0.5 | 17.00 | OK | |||
r-release-macos-x86_64 | 0.5 | 44.00 | OK | |||
r-release-windows-x86_64 | 0.5 | 5.00 | 44.00 | 49.00 | OK | |
r-oldrel-macos-arm64 | 0.5 | 25.00 | OK | |||
r-oldrel-macos-x86_64 | 0.5 | 35.00 | OK | |||
r-oldrel-windows-x86_64 | 0.5 | 3.00 | 40.00 | 43.00 | OK |
Version: 0.5
Check: CRAN incoming feasibility
Result: NOTE
Maintainer: ‘Kamil Erguler <k.erguler@cyi.ac.cy>’
No Authors@R field in DESCRIPTION.
Please add one, modifying
Authors@R: person(given = "Kamil",
family = "Erguler",
role = c("aut", "cre"),
email = "k.erguler@cyi.ac.cy")
as necessary.
Flavors: r-devel-linux-x86_64-debian-clang, r-devel-linux-x86_64-debian-gcc