Last updated on 2024-07-13 05:49:07 CEST.
Flavor | Version | Tinstall | Tcheck | Ttotal | Status | Flags |
---|---|---|---|---|---|---|
r-devel-linux-x86_64-debian-clang | 0.3.0 | 712.79 | 176.51 | 889.30 | OK | |
r-devel-linux-x86_64-debian-gcc | 0.3.0 | 554.92 | 135.35 | 690.27 | OK | |
r-devel-linux-x86_64-fedora-clang | 0.3.0 | 1390.45 | NOTE | |||
r-devel-linux-x86_64-fedora-gcc | 0.3.0 | 1474.63 | WARN | |||
r-devel-windows-x86_64 | 0.3.0 | 624.00 | 175.00 | 799.00 | NOTE | |
r-patched-linux-x86_64 | 0.3.0 | 654.99 | 169.01 | 824.00 | OK | |
r-release-linux-x86_64 | 0.3.0 | 656.98 | 164.81 | 821.79 | OK | |
r-release-macos-arm64 | 0.3.0 | 278.00 | NOTE | |||
r-release-macos-x86_64 | 0.3.0 | 348.00 | NOTE | |||
r-release-windows-x86_64 | 0.3.0 | 627.00 | 171.00 | 798.00 | NOTE | |
r-oldrel-macos-arm64 | 0.3.0 | 298.00 | NOTE | |||
r-oldrel-macos-x86_64 | 0.3.0 | 383.00 | NOTE | |||
r-oldrel-windows-x86_64 | 0.3.0 | 769.00 | 212.00 | 981.00 | NOTE |
Version: 0.3.0
Check: installed package size
Result: NOTE
installed size is 9.1Mb
sub-directories of 1Mb or more:
doc 5.1Mb
libs 3.4Mb
Flavors: r-devel-linux-x86_64-fedora-clang, r-devel-windows-x86_64, r-release-macos-arm64, r-release-macos-x86_64, r-release-windows-x86_64, r-oldrel-macos-arm64, r-oldrel-macos-x86_64, r-oldrel-windows-x86_64
Version: 0.3.0
Check: whether package can be installed
Result: WARN
Found the following significant warnings:
/data/gannet/ripley/R/packages/tests-devel/alcyon/src/libs/./genlib/simplematrix.h:30:22: warning: template-id not allowed for constructor in C++20 [-Wtemplate-id-cdtor]
/data/gannet/ripley/R/packages/tests-devel/alcyon/src/libs/./genlib/simplematrix.h:34:23: warning: template-id not allowed for constructor in C++20 [-Wtemplate-id-cdtor]
/data/gannet/ripley/R/packages/tests-devel/alcyon/src/libs/./genlib/simplematrix.h:42:17: warning: template-id not allowed for destructor in C++20 [-Wtemplate-id-cdtor]
See ‘/data/gannet/ripley/R/packages/tests-devel/alcyon.Rcheck/00install.out’ for details.
* used C compiler: ‘gcc-14 (GCC) 14.1.0’
* used C++ compiler: ‘g++-14 (GCC) 14.1.0’
Flavor: r-devel-linux-x86_64-fedora-gcc