Last updated on 2025-05-01 01:49:24 CEST.
Flavor | Version | Tinstall | Tcheck | Ttotal | Status | Flags |
---|---|---|---|---|---|---|
r-devel-linux-x86_64-debian-clang | 0.5.0 | 14.08 | 476.95 | 491.03 | OK | |
r-devel-linux-x86_64-debian-gcc | 0.5.0 | 8.35 | 325.32 | 333.67 | OK | |
r-devel-linux-x86_64-fedora-clang | 0.5.0 | 930.09 | OK | |||
r-devel-linux-x86_64-fedora-gcc | 0.5.0 | 930.17 | OK | |||
r-devel-windows-x86_64 | 0.5.0 | 15.00 | 653.00 | 668.00 | OK | |
r-patched-linux-x86_64 | 0.5.0 | 13.65 | 440.10 | 453.75 | ERROR | |
r-release-linux-x86_64 | 0.5.0 | 13.42 | 454.44 | 467.86 | OK | |
r-release-macos-arm64 | 0.5.0 | 253.00 | OK | |||
r-release-macos-x86_64 | 0.5.0 | 515.00 | OK | |||
r-release-windows-x86_64 | 0.5.0 | 14.00 | 662.00 | 676.00 | OK | |
r-oldrel-macos-arm64 | 0.5.0 | 348.00 | OK | |||
r-oldrel-macos-x86_64 | 0.5.0 | 625.00 | OK | |||
r-oldrel-windows-x86_64 | 0.5.0 | 19.00 | 902.00 | 921.00 | OK |
Version: 0.5.0
Check: re-building of vignette outputs
Result: ERROR
Error(s) in re-building vignettes:
...
--- re-building ‘ale-intro.Rmd’ using rmarkdown
** Processing: /home/hornik/tmp/R.check/r-patched-gcc/Work/PKGS/ale.Rcheck/vign_test/ale/vignettes/ale-intro_files/figure-html/print-carat-1.png
384x288 pixels, 8 bits/pixel, 256 colors in palette
Reducing image to 8 bits/pixel, grayscale
Input IDAT size = 7049 bytes
Input file size = 7907 bytes
Trying:
zc = 9 zm = 8 zs = 0 f = 0 IDAT size = 6352
zc = 9 zm = 8 zs = 1 f = 0
zc = 1 zm = 8 zs = 2 f = 0
zc = 9 zm = 8 zs = 3 f = 0
zc = 9 zm = 8 zs = 0 f = 5
zc = 9 zm = 8 zs = 1 f = 5
zc = 1 zm = 8 zs = 2 f = 5
zc = 9 zm = 8 zs = 3 f = 5
Selecting parameters:
zc = 9 zm = 8 zs = 0 f = 0 IDAT size = 6352
Output IDAT size = 6352 bytes (697 bytes decrease)
Output file size = 6430 bytes (1477 bytes = 18.68% decrease)
** Processing: /home/hornik/tmp/R.check/r-patched-gcc/Work/PKGS/ale.Rcheck/vign_test/ale/vignettes/ale-intro_files/figure-html/print-ale_simple-1.png
672x1056 pixels, 8 bits/pixel, 256 colors in palette
Reducing image to 8 bits/pixel, grayscale
Input IDAT size = 47636 bytes
Input file size = 48554 bytes
Trying:
zc = 9 zm = 8 zs = 0 f = 0 IDAT size = 44047
zc = 9 zm = 8 zs = 1 f = 0
zc = 1 zm = 8 zs = 2 f = 0
zc = 9 zm = 8 zs = 3 f = 0
zc = 9 zm = 8 zs = 0 f = 5
zc = 9 zm = 8 zs = 1 f = 5
zc = 1 zm = 8 zs = 2 f = 5
zc = 9 zm = 8 zs = 3 f = 5
Selecting parameters:
zc = 9 zm = 8 zs = 0 f = 0 IDAT size = 44047
Output IDAT size = 44047 bytes (3589 bytes decrease)
Output file size = 44125 bytes (4429 bytes = 9.12% decrease)
** Processing: /home/hornik/tmp/R.check/r-patched-gcc/Work/PKGS/ale.Rcheck/vign_test/ale/vignettes/ale-intro_files/figure-html/ale_boot-1.png
672x1056 pixels, 8 bits/pixel, 256 colors in palette
Reducing image to 8 bits/pixel, grayscale
Input IDAT size = 53112 bytes
Input file size = 54042 bytes
Trying:
zc = 9 zm = 8 zs = 0 f = 0 IDAT size = 49362
zc = 9 zm = 8 zs = 1 f = 0
zc = 1 zm = 8 zs = 2 f = 0
zc = 9 zm = 8 zs = 3 f = 0
zc = 9 zm = 8 zs = 0 f = 5
zc = 9 zm = 8 zs = 1 f = 5
zc = 1 zm = 8 zs = 2 f = 5
zc = 9 zm = 8 zs = 3 f = 5
Selecting parameters:
zc = 9 zm = 8 zs = 0 f = 0 IDAT size = 49362
Output IDAT size = 49362 bytes (3750 bytes decrease)
Output file size = 49440 bytes (4602 bytes = 8.52% decrease)
** Processing: /home/hornik/tmp/R.check/r-patched-gcc/Work/PKGS/ale.Rcheck/vign_test/ale/vignettes/ale-intro_files/figure-html/print-all-2D-1.png
672x672 pixels, 3x8 bits/pixel, RGB
Input IDAT size = 129543 bytes
Input file size = 129801 bytes
Trying:
zc = 9 zm = 8 zs = 0 f = 0 IDAT size = 94639
zc = 9 zm = 8 zs = 1 f = 0
zc = 1 zm = 8 zs = 2 f = 0
zc = 9 zm = 8 zs = 3 f = 0
zc = 9 zm = 8 zs = 0 f = 5
zc = 9 zm = 8 zs = 1 f = 5
zc = 1 zm = 8 zs = 2 f = 5
zc = 9 zm = 8 zs = 3 f = 5
Selecting parameters:
zc = 9 zm = 8 zs = 0 f = 0 IDAT size = 94639
Output IDAT size = 94639 bytes (34904 bytes decrease)
Output file size = 94717 bytes (35084 bytes = 27.03% decrease)
** Processing: /home/hornik/tmp/R.check/r-patched-gcc/Work/PKGS/ale.Rcheck/vign_test/ale/vignettes/ale-intro_files/figure-html/print-specific-ixn-1.png
480x288 pixels, 3x8 bits/pixel, RGB
Input IDAT size = 21892 bytes
Input file size = 21994 bytes
Trying:
zc = 9 zm = 8 zs = 0 f = 0 IDAT size = 16656
zc = 9 zm = 8 zs = 1 f = 0
zc = 1 zm = 8 zs = 2 f = 0
zc = 9 zm = 8 zs = 3 f = 0
zc = 9 zm = 8 zs = 0 f = 5
zc = 9 zm = 8 zs = 1 f = 5
zc = 1 zm = 8 zs = 2 f = 5
zc = 9 zm = 8 zs = 3 f = 5
Selecting parameters:
zc = 9 zm = 8 zs = 0 f = 0 IDAT size = 16656
Output IDAT size = 16656 bytes (5236 bytes decrease)
Output file size = 16734 bytes (5260 bytes = 23.92% decrease)
--- finished re-building ‘ale-intro.Rmd’
--- re-building ‘ale-small-datasets.Rmd’ using rmarkdown
** Processing: /home/hornik/tmp/R.check/r-patched-gcc/Work/PKGS/ale.Rcheck/vign_test/ale/vignettes/ale-small-datasets_files/figure-html/lm_simple-1.png
672x576 pixels, 8 bits/pixel, 256 colors in palette
Reducing image to 8 bits/pixel, grayscale
Input IDAT size = 31470 bytes
Input file size = 32364 bytes
Trying:
zc = 9 zm = 8 zs = 0 f = 0 IDAT size = 29365
zc = 9 zm = 8 zs = 1 f = 0
zc = 1 zm = 8 zs = 2 f = 0
zc = 9 zm = 8 zs = 3 f = 0
zc = 9 zm = 8 zs = 0 f = 5
zc = 9 zm = 8 zs = 1 f = 5
zc = 1 zm = 8 zs = 2 f = 5
zc = 9 zm = 8 zs = 3 f = 5
Selecting parameters:
zc = 9 zm = 8 zs = 0 f = 0 IDAT size = 29365
Output IDAT size = 29365 bytes (2105 bytes decrease)
Output file size = 29443 bytes (2921 bytes = 9.03% decrease)
** Processing: /home/hornik/tmp/R.check/r-patched-gcc/Work/PKGS/ale.Rcheck/vign_test/ale/vignettes/ale-small-datasets_files/figure-html/lm_full_ale-1.png
672x576 pixels, 8 bits/pixel, 256 colors in palette
Reducing image to 8 bits/pixel, grayscale
Input IDAT size = 36860 bytes
Input file size = 37766 bytes
Trying:
zc = 9 zm = 8 zs = 0 f = 0 IDAT size = 34768
zc = 9 zm = 8 zs = 1 f = 0
zc = 1 zm = 8 zs = 2 f = 0
zc = 9 zm = 8 zs = 3 f = 0
zc = 9 zm = 8 zs = 0 f = 5
zc = 9 zm = 8 zs = 1 f = 5
zc = 1 zm = 8 zs = 2 f = 5
zc = 9 zm = 8 zs = 3 f = 5
Selecting parameters:
zc = 9 zm = 8 zs = 0 f = 0 IDAT size = 34768
Output IDAT size = 34768 bytes (2092 bytes decrease)
Output file size = 34846 bytes (2920 bytes = 7.73% decrease)
** Processing: /home/hornik/tmp/R.check/r-patched-gcc/Work/PKGS/ale.Rcheck/vign_test/ale/vignettes/ale-small-datasets_files/figure-html/gam_simple-1.png
672x576 pixels, 8 bits/pixel, 256 colors in palette
Reducing image to 8 bits/pixel, grayscale
Input IDAT size = 31871 bytes
Input file size = 32765 bytes
Trying:
zc = 9 zm = 8 zs = 0 f = 0 IDAT size = 29755
zc = 9 zm = 8 zs = 1 f = 0
zc = 1 zm = 8 zs = 2 f = 0
zc = 9 zm = 8 zs = 3 f = 0
zc = 9 zm = 8 zs = 0 f = 5
zc = 9 zm = 8 zs = 1 f = 5
zc = 1 zm = 8 zs = 2 f = 5
zc = 9 zm = 8 zs = 3 f = 5
Selecting parameters:
zc = 9 zm = 8 zs = 0 f = 0 IDAT size = 29755
Output IDAT size = 29755 bytes (2116 bytes decrease)
Output file size = 29833 bytes (2932 bytes = 8.95% decrease)
** Processing: /home/hornik/tmp/R.check/r-patched-gcc/Work/PKGS/ale.Rcheck/vign_test/ale/vignettes/ale-small-datasets_files/figure-html/gam_full_ale-1.png
672x576 pixels, 8 bits/pixel, 256 colors in palette
Reducing image to 8 bits/pixel, grayscale
Input IDAT size = 40785 bytes
Input file size = 41691 bytes
Trying:
zc = 9 zm = 8 zs = 0 f = 0 IDAT size = 38331
zc = 9 zm = 8 zs = 1 f = 0
zc = 1 zm = 8 zs = 2 f = 0
zc = 9 zm = 8 zs = 3 f = 0
zc = 9 zm = 8 zs = 0 f = 5
zc = 9 zm = 8 zs = 1 f = 5
zc = 1 zm = 8 zs = 2 f = 5
zc = 9 zm = 8 zs = 3 f = 5
Selecting parameters:
zc = 9 zm = 8 zs = 0 f = 0 IDAT size = 38331
Output IDAT size = 38331 bytes (2454 bytes decrease)
Output file size = 38409 bytes (3282 bytes = 7.87% decrease)
--- finished re-building ‘ale-small-datasets.Rmd’
--- re-building ‘ale-statistics.Rmd’ using rmarkdown
** Processing: /home/hornik/tmp/R.check/r-patched-gcc/Work/PKGS/ale.Rcheck/vign_test/ale/vignettes/ale-statistics_files/figure-html/all-ALE-plots-1.png
672x960 pixels, 8 bits/pixel, 256 colors in palette
Reducing image to 8 bits/pixel, grayscale
Input IDAT size = 57742 bytes
Input file size = 58684 bytes
Trying:
zc = 9 zm = 8 zs = 0 f = 0 IDAT size = 54339
zc = 9 zm = 8 zs = 1 f = 0
zc = 1 zm = 8 zs = 2 f = 0
zc = 9 zm = 8 zs = 3 f = 0
zc = 9 zm = 8 zs = 0 f = 5
zc = 9 zm = 8 zs = 1 f = 5
zc = 1 zm = 8 zs = 2 f = 5
zc = 9 zm = 8 zs = 3 f = 5
Selecting parameters:
zc = 9 zm = 8 zs = 0 f = 0 IDAT size = 54339
Output IDAT size = 54339 bytes (3403 bytes decrease)
Output file size = 54417 bytes (4267 bytes = 7.27% decrease)
Quitting from ale-statistics.Rmd:243-260 [model-bootstrap-without-p]
~~~~~~~~~~~~~~~~~~~~~~~~~~~~~~~~~~~~~~~~~~~~~~~~~~~~~~~~~~~~~~~~~~~~~~~~~~~~~~~~
<error/rlang_error>
Error in `readRDS()`:
! cannot open the connection to 'https://github.com/tripartio/ale/raw/main/download/mb_gam_no_p_stats_vignette.0.5.0.rds'
---
Backtrace:
▆
1. └─base::readRDS(url("https://github.com/tripartio/ale/raw/main/download/mb_gam_no_p_stats_vignette.0.5.0.rds"))
~~~~~~~~~~~~~~~~~~~~~~~~~~~~~~~~~~~~~~~~~~~~~~~~~~~~~~~~~~~~~~~~~~~~~~~~~~~~~~~~
Error: processing vignette 'ale-statistics.Rmd' failed with diagnostics:
cannot open the connection to 'https://github.com/tripartio/ale/raw/main/download/mb_gam_no_p_stats_vignette.0.5.0.rds'
--- failed re-building ‘ale-statistics.Rmd’
--- re-building ‘ale-x-datatypes.Rmd’ using rmarkdown
** Processing: /home/hornik/tmp/R.check/r-patched-gcc/Work/PKGS/ale.Rcheck/vign_test/ale/vignettes/ale-x-datatypes_files/figure-html/ale_cars-1.png
672x1344 pixels, 8 bits/pixel, 256 colors in palette
Reducing image to 8 bits/pixel, grayscale
Input IDAT size = 56715 bytes
Input file size = 57645 bytes
Trying:
zc = 9 zm = 8 zs = 0 f = 0 IDAT size = 51951
zc = 9 zm = 8 zs = 1 f = 0
zc = 1 zm = 8 zs = 2 f = 0
zc = 9 zm = 8 zs = 3 f = 0
zc = 9 zm = 8 zs = 0 f = 5
zc = 9 zm = 8 zs = 1 f = 5
zc = 1 zm = 8 zs = 2 f = 5
zc = 9 zm = 8 zs = 3 f = 5
Selecting parameters:
zc = 9 zm = 8 zs = 0 f = 0 IDAT size = 51951
Output IDAT size = 51951 bytes (4764 bytes decrease)
Output file size = 52029 bytes (5616 bytes = 9.74% decrease)
** Processing: /home/hornik/tmp/R.check/r-patched-gcc/Work/PKGS/ale.Rcheck/vign_test/ale/vignettes/ale-x-datatypes_files/figure-html/ale_cars_2D-1.png
672x2688 pixels, 3x8 bits/pixel, RGB
Input IDAT size = 566264 bytes
Input file size = 567170 bytes
Trying:
zc = 9 zm = 8 zs = 0 f = 0 IDAT size = 413418
zc = 9 zm = 8 zs = 1 f = 0
zc = 1 zm = 8 zs = 2 f = 0
zc = 9 zm = 8 zs = 3 f = 0
zc = 9 zm = 8 zs = 0 f = 5
zc = 9 zm = 8 zs = 1 f = 5
zc = 1 zm = 8 zs = 2 f = 5
zc = 9 zm = 8 zs = 3 f = 5
Selecting parameters:
zc = 9 zm = 8 zs = 0 f = 0 IDAT size = 413418
Output IDAT size = 413418 bytes (152846 bytes decrease)
Output file size = 413496 bytes (153674 bytes = 27.09% decrease)
** Processing: /home/hornik/tmp/R.check/r-patched-gcc/Work/PKGS/ale.Rcheck/vign_test/ale/vignettes/ale-x-datatypes_files/figure-html/cars_full-1.png
672x1344 pixels, 8 bits/pixel, 256 colors in palette
Reducing image to 8 bits/pixel, grayscale
Input IDAT size = 65234 bytes
Input file size = 66176 bytes
Trying:
zc = 9 zm = 8 zs = 0 f = 0 IDAT size = 59657
zc = 9 zm = 8 zs = 1 f = 0
zc = 1 zm = 8 zs = 2 f = 0
zc = 9 zm = 8 zs = 3 f = 0
zc = 9 zm = 8 zs = 0 f = 5
zc = 9 zm = 8 zs = 1 f = 5
zc = 1 zm = 8 zs = 2 f = 5
zc = 9 zm = 8 zs = 3 f = 5
Selecting parameters:
zc = 9 zm = 8 zs = 0 f = 0 IDAT size = 59657
Output IDAT size = 59657 bytes (5577 bytes decrease)
Output file size = 59735 bytes (6441 bytes = 9.73% decrease)
--- finished re-building ‘ale-x-datatypes.Rmd’
SUMMARY: processing the following file failed:
‘ale-statistics.Rmd’
Error: Vignette re-building failed.
Execution halted
Flavor: r-patched-linux-x86_64