Last updated on 2025-04-29 19:50:25 CEST.
Flavor | Version | Tinstall | Tcheck | Ttotal | Status | Flags |
---|---|---|---|---|---|---|
r-devel-linux-x86_64-debian-clang | 1.0.2 | 2.73 | 397.09 | 399.82 | NOTE | |
r-devel-linux-x86_64-debian-gcc | 1.0.2 | 1.79 | 283.37 | 285.16 | NOTE | |
r-devel-linux-x86_64-fedora-clang | 1.0.2 | 584.88 | NOTE | |||
r-devel-linux-x86_64-fedora-gcc | 1.0.2 | 663.02 | NOTE | |||
r-devel-windows-x86_64 | 1.0.2 | 4.00 | 460.00 | 464.00 | NOTE | |
r-patched-linux-x86_64 | 1.0.2 | 2.96 | 406.27 | 409.23 | NOTE | |
r-release-linux-x86_64 | 1.0.2 | 2.62 | 398.43 | 401.05 | NOTE | |
r-release-macos-arm64 | 1.0.2 | 166.00 | NOTE | |||
r-release-macos-x86_64 | 1.0.2 | 484.00 | NOTE | |||
r-release-windows-x86_64 | 1.0.2 | 6.00 | 499.00 | 505.00 | NOTE | |
r-oldrel-macos-arm64 | 1.0.2 | 161.00 | OK | |||
r-oldrel-macos-x86_64 | 1.0.2 | 470.00 | OK | |||
r-oldrel-windows-x86_64 | 1.0.2 | 6.00 | 485.00 | 491.00 | OK |
Version: 1.0.2
Check: DESCRIPTION meta-information
Result: NOTE
Missing dependency on R >= 4.1.0 because package code uses the pipe
|> or function shorthand \(...) syntax added in R 4.1.0.
File(s) using such syntax:
‘lambda_functions.R’ ‘likelihood-space.R’ ‘snc.R’
Flavors: r-devel-linux-x86_64-debian-clang, r-devel-linux-x86_64-debian-gcc, r-devel-linux-x86_64-fedora-clang, r-devel-linux-x86_64-fedora-gcc, r-devel-windows-x86_64, r-patched-linux-x86_64, r-release-linux-x86_64, r-release-macos-arm64, r-release-macos-x86_64, r-release-windows-x86_64