CRAN Package Check Results for Package align

Last updated on 2025-10-02 04:50:48 CEST.

Flavor Version Tinstall Tcheck Ttotal Status Flags
r-devel-linux-x86_64-debian-clang 0.1.0 1.97 24.18 26.15 NOTE
r-devel-linux-x86_64-debian-gcc 0.1.0 1.86 19.24 21.10 NOTE
r-devel-linux-x86_64-fedora-clang 0.1.0 39.81 OK
r-devel-linux-x86_64-fedora-gcc 0.1.0 37.85 OK
r-devel-windows-x86_64 0.1.0 3.00 43.00 46.00 OK
r-patched-linux-x86_64 0.1.0 2.16 22.83 24.99 OK
r-release-linux-x86_64 0.1.0 1.93 22.54 24.47 OK
r-release-macos-arm64 0.1.0 20.00 OK
r-release-macos-x86_64 0.1.0 30.00 OK
r-release-windows-x86_64 0.1.0 4.00 45.00 49.00 OK
r-oldrel-macos-arm64 0.1.0 23.00 OK
r-oldrel-macos-x86_64 0.1.0 34.00 OK
r-oldrel-windows-x86_64 0.1.0 5.00 42.00 47.00 OK

Check Details

Version: 0.1.0
Check: CRAN incoming feasibility
Result: NOTE Maintainer: ‘Cedric Hagen <ch0934@princeton.edu>’ No Authors@R field in DESCRIPTION. Please add one, modifying Authors@R: person(given = "Cedric", family = "Hagen", role = c("aut", "cre"), email = "ch0934@princeton.edu") as necessary. Flavors: r-devel-linux-x86_64-debian-clang, r-devel-linux-x86_64-debian-gcc