Last updated on 2025-11-16 12:49:23 CET.
| Flavor | Version | Tinstall | Tcheck | Ttotal | Status | Flags |
|---|---|---|---|---|---|---|
| r-devel-linux-x86_64-debian-clang | 0.2.3 | 11.13 | 166.29 | 177.42 | NOTE | |
| r-devel-linux-x86_64-debian-gcc | 0.2.3 | 8.67 | 120.92 | 129.59 | NOTE | |
| r-devel-linux-x86_64-fedora-clang | 0.2.3 | 23.00 | 242.35 | 265.35 | NOTE | |
| r-devel-linux-x86_64-fedora-gcc | 0.2.3 | 22.00 | 247.29 | 269.29 | NOTE | |
| r-devel-windows-x86_64 | 0.2.3 | 13.00 | 162.00 | 175.00 | NOTE | |
| r-patched-linux-x86_64 | 0.2.3 | 10.68 | 157.76 | 168.44 | NOTE | |
| r-release-linux-x86_64 | 0.2.3 | 9.69 | 156.40 | 166.09 | NOTE | |
| r-release-macos-arm64 | 0.2.3 | 4.00 | 74.00 | 78.00 | NOTE | |
| r-release-macos-x86_64 | 0.2.3 | 8.00 | 135.00 | 143.00 | NOTE | |
| r-release-windows-x86_64 | 0.2.3 | 12.00 | 158.00 | 170.00 | NOTE | |
| r-oldrel-macos-arm64 | 0.2.3 | 4.00 | 67.00 | 71.00 | NOTE | |
| r-oldrel-macos-x86_64 | 0.2.3 | 8.00 | 104.00 | 112.00 | NOTE | |
| r-oldrel-windows-x86_64 | 0.2.3 | 16.00 | 210.00 | 226.00 | NOTE |
Version: 0.2.3
Check: Rd files
Result: NOTE
checkRd: (-1) allestimates.Rd:25: Lost braces in \itemize; meant \describe ?
checkRd: (-1) allestimates.Rd:26: Lost braces in \itemize; meant \describe ?
checkRd: (-1) allestimates.Rd:27: Lost braces in \itemize; meant \describe ?
checkRd: (-1) allestimates.Rd:28: Lost braces in \itemize; meant \describe ?
Flavors: r-devel-linux-x86_64-debian-clang, r-devel-linux-x86_64-debian-gcc, r-devel-linux-x86_64-fedora-clang, r-devel-linux-x86_64-fedora-gcc, r-devel-windows-x86_64, r-patched-linux-x86_64, r-release-linux-x86_64, r-release-macos-arm64, r-release-macos-x86_64, r-release-windows-x86_64, r-oldrel-macos-arm64, r-oldrel-macos-x86_64, r-oldrel-windows-x86_64