CRAN Package Check Results for Package alone

Last updated on 2025-05-01 20:49:32 CEST.

Flavor Version Tinstall Tcheck Ttotal Status Flags
r-devel-linux-x86_64-debian-clang 0.5 1.46 19.80 21.26 NOTE
r-devel-linux-x86_64-debian-gcc 0.5 1.25 16.14 17.39 NOTE
r-devel-linux-x86_64-fedora-clang 0.5 32.98 NOTE
r-devel-linux-x86_64-fedora-gcc 0.5 30.90 NOTE
r-devel-windows-x86_64 0.5 3.00 43.00 46.00 NOTE
r-patched-linux-x86_64 0.5 1.39 19.09 20.48 NOTE
r-release-linux-x86_64 NOTE
r-release-macos-arm64 0.5 16.00 NOTE
r-release-macos-x86_64 0.5 39.00 NOTE
r-release-windows-x86_64 0.5 2.00 46.00 48.00 NOTE
r-oldrel-macos-arm64 0.5 21.00 OK
r-oldrel-macos-x86_64 0.5 54.00 OK
r-oldrel-windows-x86_64 0.5 3.00 46.00 49.00 OK

Check Details

Version: 0.5
Check: DESCRIPTION meta-information
Result: NOTE Missing dependency on R >= 4.1.0 because package code uses the pipe |> or function shorthand \(...) syntax added in R 4.1.0. File(s) using such syntax: ‘episodes.Rd’ ‘loadouts.Rd’ ‘seasons.Rd’ ‘survivalists.Rd’ Flavors: r-devel-linux-x86_64-debian-clang, r-devel-linux-x86_64-debian-gcc, r-devel-linux-x86_64-fedora-clang, r-devel-linux-x86_64-fedora-gcc, r-devel-windows-x86_64, r-patched-linux-x86_64, r-release-linux-x86_64, r-release-macos-arm64, r-release-macos-x86_64, r-release-windows-x86_64