Last updated on 2025-05-18 01:50:19 CEST.
Flavor | Version | Tinstall | Tcheck | Ttotal | Status | Flags |
---|---|---|---|---|---|---|
r-devel-linux-x86_64-debian-clang | 0.2.1 | 4.66 | 29.78 | 34.44 | NOTE | |
r-devel-linux-x86_64-debian-gcc | 0.2.1 | 4.06 | 21.55 | 25.61 | NOTE | |
r-devel-linux-x86_64-fedora-clang | 0.2.1 | 60.69 | OK | |||
r-devel-linux-x86_64-fedora-gcc | 0.2.1 | 56.90 | OK | |||
r-devel-windows-x86_64 | 0.2.1 | 6.00 | 51.00 | 57.00 | OK | |
r-patched-linux-x86_64 | 0.2.1 | 5.51 | 28.25 | 33.76 | OK | |
r-release-linux-x86_64 | 0.2.1 | 5.16 | 29.07 | 34.23 | OK | |
r-release-macos-arm64 | 0.2.1 | 21.00 | OK | |||
r-release-macos-x86_64 | 0.2.1 | 50.00 | OK | |||
r-release-windows-x86_64 | 0.2.1 | 6.00 | 55.00 | 61.00 | OK | |
r-oldrel-macos-arm64 | 0.2.1 | 19.00 | NOTE | |||
r-oldrel-macos-x86_64 | 0.2.1 | 42.00 | NOTE | |||
r-oldrel-windows-x86_64 | 0.2.1 | 8.00 | 56.00 | 64.00 | NOTE |
Version: 0.2.1
Check: CRAN incoming feasibility
Result: NOTE
Maintainer: ‘Mahdi Teimouri <teimouri@aut.ac.ir>’
No Authors@R field in DESCRIPTION.
Please add one, modifying
Authors@R: c(person(given = "Mahdi",
family = "Teimouri",
role = c("aut", "cre"),
email = "teimouri@aut.ac.ir"),
person(given = "Adel",
family = "Mohammadpour",
role = "aut"),
person(given = "Saralees",
family = "Nadarajah",
role = "aut"))
as necessary.
Flavors: r-devel-linux-x86_64-debian-clang, r-devel-linux-x86_64-debian-gcc
Version: 0.2.1
Check: LazyData
Result: NOTE
'LazyData' is specified without a 'data' directory
Flavors: r-oldrel-macos-arm64, r-oldrel-macos-x86_64, r-oldrel-windows-x86_64