Last updated on 2025-04-29 13:51:15 CEST.
Flavor | Version | Tinstall | Tcheck | Ttotal | Status | Flags |
---|---|---|---|---|---|---|
r-devel-linux-x86_64-debian-clang | 0.2 | 1.49 | 16.67 | 18.16 | NOTE | |
r-devel-linux-x86_64-debian-gcc | 0.2 | 1.29 | 13.74 | 15.03 | NOTE | |
r-devel-linux-x86_64-fedora-clang | 0.2 | 28.00 | OK | |||
r-devel-linux-x86_64-fedora-gcc | 0.2 | 26.88 | OK | |||
r-devel-windows-x86_64 | 0.2 | 3.00 | 34.00 | 37.00 | OK | |
r-patched-linux-x86_64 | 0.2 | 1.60 | 16.19 | 17.79 | OK | |
r-release-linux-x86_64 | 0.2 | 1.61 | 16.14 | 17.75 | OK | |
r-release-macos-arm64 | 0.2 | 15.00 | OK | |||
r-release-macos-x86_64 | 0.2 | 23.00 | OK | |||
r-release-windows-x86_64 | 0.2 | 4.00 | 37.00 | 41.00 | OK | |
r-oldrel-macos-arm64 | 0.2 | 18.00 | NOTE | |||
r-oldrel-macos-x86_64 | 0.2 | 19.00 | NOTE | |||
r-oldrel-windows-x86_64 | 0.2 | 3.00 | 34.00 | 37.00 | NOTE |
Version: 0.2
Check: CRAN incoming feasibility
Result: NOTE
Maintainer: ‘Oliver Sieber <oliver.sieber@gmail.com>’
No Authors@R field in DESCRIPTION.
Please add one, modifying
Authors@R: c(person(given = "Felix",
family = "Scholkmann",
role = "aut",
email = "felix.scholkmann@gmail.com"),
person(given = "Oliver",
family = "Sieber",
role = "cre",
email = "oliver.sieber@gmail.com"))
as necessary.
Flavors: r-devel-linux-x86_64-debian-clang, r-devel-linux-x86_64-debian-gcc
Version: 0.2
Check: LazyData
Result: NOTE
'LazyData' is specified without a 'data' directory
Flavors: r-oldrel-macos-arm64, r-oldrel-macos-x86_64, r-oldrel-windows-x86_64