Last updated on 2024-07-13 05:49:07 CEST.
Flavor | Version | Tinstall | Tcheck | Ttotal | Status | Flags |
---|---|---|---|---|---|---|
r-devel-linux-x86_64-debian-clang | 0.17-6 | 20.94 | 192.07 | 213.01 | NOTE | |
r-devel-linux-x86_64-debian-gcc | 0.17-6 | 15.91 | 138.57 | 154.48 | NOTE | |
r-devel-linux-x86_64-fedora-clang | 0.17-6 | 256.63 | NOTE | |||
r-devel-linux-x86_64-fedora-gcc | 0.17-6 | 254.40 | NOTE | |||
r-devel-windows-x86_64 | 0.17-6 | 22.00 | 188.00 | 210.00 | NOTE | |
r-patched-linux-x86_64 | 0.17-6 | 28.57 | 182.12 | 210.69 | NOTE | |
r-release-linux-x86_64 | 0.17-6 | 16.65 | 181.11 | 197.76 | NOTE | |
r-release-macos-arm64 | 0.17-6 | 79.00 | NOTE | |||
r-release-macos-x86_64 | 0.17-6 | 113.00 | NOTE | |||
r-release-windows-x86_64 | 0.17-6 | 20.00 | 191.00 | 211.00 | NOTE | |
r-oldrel-macos-arm64 | 0.17-6 | 88.00 | NOTE | |||
r-oldrel-macos-x86_64 | 0.17-6 | 143.00 | NOTE | |||
r-oldrel-windows-x86_64 | 0.17-6 | 25.00 | 226.00 | 251.00 | NOTE |
Version: 0.17-6
Check: Rd files
Result: NOTE
checkRd: (-1) cma.Rd:106-107: Lost braces in \itemize; meant \describe ?
checkRd: (-1) cma.Rd:108-110: Lost braces in \itemize; meant \describe ?
checkRd: (-1) deshrink.Rd:55: Escaped LaTeX specials: \&
checkRd: (-1) deshrink.Rd:51: Escaped LaTeX specials: \&
checkRd: (-1) mat.Rd:162: Lost braces in \itemize; \value handles \item{}{} directly
checkRd: (-1) mat.Rd:163-164: Lost braces in \itemize; \value handles \item{}{} directly
checkRd: (-1) mat.Rd:165-168: Lost braces in \itemize; \value handles \item{}{} directly
checkRd: (-1) mat.Rd:175-179: Lost braces in \itemize; meant \describe ?
checkRd: (-1) mat.Rd:180-181: Lost braces in \itemize; meant \describe ?
checkRd: (-1) mat.Rd:182-183: Lost braces in \itemize; meant \describe ?
checkRd: (-1) mat.Rd:184-186: Lost braces in \itemize; meant \describe ?
checkRd: (-1) mat.Rd:187-188: Lost braces in \itemize; meant \describe ?
checkRd: (-1) mat.Rd:189-190: Lost braces in \itemize; meant \describe ?
checkRd: (-1) performance.Rd:25: Lost braces in \itemize; meant \describe ?
checkRd: (-1) performance.Rd:26-27: Lost braces in \itemize; meant \describe ?
checkRd: (-1) performance.Rd:28: Lost braces in \itemize; meant \describe ?
checkRd: (-1) performance.Rd:29-30: Lost braces in \itemize; meant \describe ?
checkRd: (-1) performance.Rd:31-32: Lost braces in \itemize; meant \describe ?
checkRd: (-1) plot.mat.Rd:60: Escaped LaTeX specials: \&
checkRd: (-1) plot.wa.Rd:46: Escaped LaTeX specials: \&
checkRd: (-1) predict.mat.Rd:61-62: Lost braces in \itemize; \value handles \item{}{} directly
checkRd: (-1) predict.mat.Rd:63: Lost braces in \itemize; \value handles \item{}{} directly
checkRd: (-1) predict.mat.Rd:64-65: Lost braces in \itemize; \value handles \item{}{} directly
checkRd: (-1) predict.mat.Rd:66: Lost braces in \itemize; \value handles \item{}{} directly
checkRd: (-1) predict.mat.Rd:67: Lost braces in \itemize; \value handles \item{}{} directly
checkRd: (-1) predict.mat.Rd:68: Lost braces in \itemize; \value handles \item{}{} directly
checkRd: (-1) predict.mat.Rd:69-70: Lost braces in \itemize; \value handles \item{}{} directly
checkRd: (-1) predict.mat.Rd:76: Lost braces in \itemize; \value handles \item{}{} directly
checkRd: (-1) predict.mat.Rd:77: Lost braces in \itemize; \value handles \item{}{} directly
checkRd: (-1) predict.mat.Rd:78-79: Lost braces in \itemize; \value handles \item{}{} directly
checkRd: (-1) predict.mat.Rd:80-81: Lost braces in \itemize; \value handles \item{}{} directly
checkRd: (-1) predict.mat.Rd:82-83: Lost braces in \itemize; \value handles \item{}{} directly
checkRd: (-1) predict.mat.Rd:84: Lost braces in \itemize; \value handles \item{}{} directly
checkRd: (-1) predict.mat.Rd:85-86: Lost braces in \itemize; \value handles \item{}{} directly
checkRd: (-1) predict.mat.Rd:87-88: Lost braces in \itemize; \value handles \item{}{} directly
checkRd: (-1) predict.mat.Rd:89-90: Lost braces in \itemize; \value handles \item{}{} directly
checkRd: (-1) predict.mat.Rd:96-97: Lost braces in \itemize; \value handles \item{}{} directly
checkRd: (-1) predict.mat.Rd:98-99: Lost braces in \itemize; \value handles \item{}{} directly
checkRd: (-1) predict.mat.Rd:100-101: Lost braces in \itemize; \value handles \item{}{} directly
checkRd: (-1) predict.mat.Rd:113-114: Lost braces in \itemize; \value handles \item{}{} directly
checkRd: (-1) predict.mat.Rd:115-118: Lost braces in \itemize; \value handles \item{}{} directly
checkRd: (-1) predict.mat.Rd:119-121: Lost braces in \itemize; \value handles \item{}{} directly
checkRd: (-1) predict.mat.Rd:122-124: Lost braces in \itemize; \value handles \item{}{} directly
checkRd: (-1) predict.prcurve.Rd:5: Escaped LaTeX specials: \&
checkRd: (-1) scores.prcurve.Rd:35: Lost braces; missing escapes or markup?
35 | variables {columns} then the matrix returned by \code{scores.prcurve}
| ^
Flavors: r-devel-linux-x86_64-debian-clang, r-devel-linux-x86_64-debian-gcc, r-devel-linux-x86_64-fedora-clang, r-devel-linux-x86_64-fedora-gcc, r-devel-windows-x86_64, r-patched-linux-x86_64, r-release-linux-x86_64, r-release-macos-arm64, r-release-macos-x86_64, r-release-windows-x86_64
Version: 0.17-6
Check: Rd cross-references
Result: NOTE
Found the following Rd file(s) with Rd \link{} targets missing package
anchors:
Stratiplot.Rd: xyplot
caterpillarPlot.Rd: tolerance
gradientDist.Rd: scores.cca, cca
logitreg.Rd: brglm
panel.Stratiplot.Rd: panel.grid
plot.prcurve.Rd: scores.rda, rda
prcurve.Rd: rda
rankDC.Rd: rankindex
smoothFuns.Rd: gam
timetrack.Rd: fitted.cca, scores.cca
varExpl.Rd: cca
wa.Rd: tolerance, smoothCon, pcls
Please provide package anchors for all Rd \link{} targets not in the
package itself and the base packages.
Flavor: r-devel-windows-x86_64
Version: 0.17-6
Check: Rd files
Result: NOTE
checkRd: (-1) deshrink.Rd:55: Escaped LaTeX specials: \&
checkRd: (-1) deshrink.Rd:51: Escaped LaTeX specials: \&
checkRd: (-1) plot.mat.Rd:60: Escaped LaTeX specials: \&
checkRd: (-1) plot.wa.Rd:46: Escaped LaTeX specials: \&
checkRd: (-1) predict.prcurve.Rd:5: Escaped LaTeX specials: \&
Flavors: r-oldrel-macos-arm64, r-oldrel-macos-x86_64, r-oldrel-windows-x86_64