Last updated on 2024-06-27 16:48:59 CEST.
Flavor | Version | Tinstall | Tcheck | Ttotal | Status | Flags |
---|---|---|---|---|---|---|
r-devel-linux-x86_64-debian-clang | 0.18.0 | OK | ||||
r-devel-linux-x86_64-debian-gcc | 0.18.0 | 19.52 | 124.45 | 143.97 | OK | |
r-devel-linux-x86_64-fedora-clang | 0.18.1 | 292.91 | OK | |||
r-devel-linux-x86_64-fedora-gcc | 0.18.1 | 296.57 | ERROR | |||
r-devel-windows-x86_64 | 0.18.0 | 20.00 | 137.00 | 157.00 | OK | |
r-patched-linux-x86_64 | 0.18.0 | 28.45 | 156.58 | 185.03 | OK | |
r-release-linux-x86_64 | 0.18.0 | 15.59 | 164.27 | 179.86 | OK | |
r-release-macos-arm64 | 0.18.1 | 82.00 | ERROR | |||
r-release-macos-x86_64 | 0.18.1 | 217.00 | ERROR | |||
r-release-windows-x86_64 | 0.18.0 | 22.00 | 139.00 | 161.00 | OK | |
r-oldrel-macos-arm64 | 0.18.1 | 85.00 | ERROR | |||
r-oldrel-macos-x86_64 | 0.18.1 | 155.00 | ERROR | |||
r-oldrel-windows-x86_64 | 0.18.0 | 26.00 | 166.00 | 192.00 | OK |
Version: 0.18.1
Check: tests
Result: ERROR
Running ‘testthat.R’ [62s/86s]
Running the tests in ‘tests/testthat.R’ failed.
Complete output:
> library(testthat)
> library(antaresViz)
Loading required package: antaresRead
Loading required package: antaresProcessing
Attaching package: 'antaresProcessing'
The following object is masked from 'package:testthat':
compare
Loading required package: spMaps
Loading required package: sf
Linking to GEOS 3.10.2, GDAL 3.4.3, PROJ 8.2.1; sf_use_s2() is TRUE
Loading required package: sp
>
> # CRAN limite CPU usage
> # issue :
> data.table::setDTthreads(2)
>
> test_check("antaresViz")
[ FAIL 1 | WARN 1 | SKIP 4 | PASS 203 ]
══ Skipped tests (4) ═══════════════════════════════════════════════════════════
• .runExchangesStackTest is not TRUE (4): 'test-exchangesStack.R:225:3',
'test-exchangesStack.R:276:3', 'test-exchangesStack.R:367:3',
'test-exchangesStack.R:421:3'
══ Failed tests ════════════════════════════════════════════════════════════════
── Error ('test-plotXY.R:5:3'): prodStack, no interactive ──────────────────────
Error in `.requireRhdf5_Antares(stopP = FALSE)`: could not find function ".requireRhdf5_Antares"
[ FAIL 1 | WARN 1 | SKIP 4 | PASS 203 ]
Error: Test failures
Execution halted
Flavor: r-devel-linux-x86_64-fedora-gcc
Version: 0.18.1
Check: tests
Result: ERROR
Running ‘testthat.R’ [9s/11s]
Running the tests in ‘tests/testthat.R’ failed.
Last 13 lines of output:
> test_check("antaresViz")
[ FAIL 1 | WARN 1 | SKIP 4 | PASS 203 ]
══ Skipped tests (4) ═══════════════════════════════════════════════════════════
• .runExchangesStackTest is not TRUE (4): 'test-exchangesStack.R:225:3',
'test-exchangesStack.R:276:3', 'test-exchangesStack.R:367:3',
'test-exchangesStack.R:421:3'
══ Failed tests ════════════════════════════════════════════════════════════════
── Error ('test-plotXY.R:5:3'): prodStack, no interactive ──────────────────────
Error in `.requireRhdf5_Antares(stopP = FALSE)`: could not find function ".requireRhdf5_Antares"
[ FAIL 1 | WARN 1 | SKIP 4 | PASS 203 ]
Error: Test failures
Execution halted
Flavors: r-release-macos-arm64, r-oldrel-macos-arm64
Version: 0.18.1
Check: tests
Result: ERROR
Running ‘testthat.R’ [17s/34s]
Running the tests in ‘tests/testthat.R’ failed.
Last 13 lines of output:
> test_check("antaresViz")
[ FAIL 1 | WARN 1 | SKIP 4 | PASS 203 ]
══ Skipped tests (4) ═══════════════════════════════════════════════════════════
• .runExchangesStackTest is not TRUE (4): 'test-exchangesStack.R:225:3',
'test-exchangesStack.R:276:3', 'test-exchangesStack.R:367:3',
'test-exchangesStack.R:421:3'
══ Failed tests ════════════════════════════════════════════════════════════════
── Error ('test-plotXY.R:5:3'): prodStack, no interactive ──────────────────────
Error in `.requireRhdf5_Antares(stopP = FALSE)`: could not find function ".requireRhdf5_Antares"
[ FAIL 1 | WARN 1 | SKIP 4 | PASS 203 ]
Error: Test failures
Execution halted
Flavor: r-release-macos-x86_64
Version: 0.18.1
Check: tests
Result: ERROR
Running ‘testthat.R’ [16s/24s]
Running the tests in ‘tests/testthat.R’ failed.
Last 13 lines of output:
> test_check("antaresViz")
[ FAIL 1 | WARN 1 | SKIP 4 | PASS 203 ]
══ Skipped tests (4) ═══════════════════════════════════════════════════════════
• .runExchangesStackTest is not TRUE (4): 'test-exchangesStack.R:225:3',
'test-exchangesStack.R:276:3', 'test-exchangesStack.R:367:3',
'test-exchangesStack.R:421:3'
══ Failed tests ════════════════════════════════════════════════════════════════
── Error ('test-plotXY.R:5:3'): prodStack, no interactive ──────────────────────
Error in `.requireRhdf5_Antares(stopP = FALSE)`: could not find function ".requireRhdf5_Antares"
[ FAIL 1 | WARN 1 | SKIP 4 | PASS 203 ]
Error: Test failures
Execution halted
Flavor: r-oldrel-macos-x86_64