CRAN Package Check Results for Package aopdata

Last updated on 2025-10-03 04:49:20 CEST.

Flavor Version Tinstall Tcheck Ttotal Status Flags
r-devel-linux-x86_64-debian-clang 1.1.1 2.37 83.21 85.58 OK
r-devel-linux-x86_64-debian-gcc 1.1.1 2.03 0.03 2.06 FAIL
r-devel-linux-x86_64-fedora-clang 1.1.1 115.58 OK
r-devel-linux-x86_64-fedora-gcc 1.1.1 129.07 OK
r-devel-windows-x86_64 1.1.1 4.00 231.00 235.00 OK
r-patched-linux-x86_64 1.1.1 2.14 71.26 73.40 OK
r-release-linux-x86_64 1.1.1 2.51 71.80 74.31 OK
r-release-macos-arm64 1.1.1 221.00 OK
r-release-macos-x86_64 1.1.1 255.00 OK
r-release-windows-x86_64 1.1.1 6.00 189.00 195.00 OK
r-oldrel-macos-arm64 1.1.1 200.00 OK
r-oldrel-macos-x86_64 1.1.1 286.00 OK
r-oldrel-windows-x86_64 1.1.1 5.00 231.00 236.00 OK

Check Details

Version: 1.1.1
Check: re-building of vignette outputs
Result: FAIL
Flavor: r-devel-linux-x86_64-debian-gcc