Last updated on 2025-11-16 18:49:24 CET.
| Flavor | Version | Tinstall | Tcheck | Ttotal | Status | Flags |
|---|---|---|---|---|---|---|
| r-devel-linux-x86_64-debian-clang | 2.2-1 | 25.22 | 462.02 | 487.24 | OK | |
| r-devel-linux-x86_64-debian-gcc | 2.2-1 | 15.17 | 291.16 | 306.33 | OK | |
| r-devel-linux-x86_64-fedora-clang | 2.2-1 | 122.00 | 570.57 | 692.57 | OK | |
| r-devel-linux-x86_64-fedora-gcc | 2.2-1 | 174.00 | 470.63 | 644.63 | OK | |
| r-devel-windows-x86_64 | 2.2-1 | 34.00 | 357.00 | 391.00 | OK | |
| r-patched-linux-x86_64 | 2.2-1 | 30.73 | 374.94 | 405.67 | OK | |
| r-release-linux-x86_64 | 2.2-1 | 26.18 | 375.83 | 402.01 | OK | |
| r-release-macos-arm64 | 2.2-1 | 11.00 | 157.00 | 168.00 | OK | |
| r-release-macos-x86_64 | 2.2-1 | 24.00 | 308.00 | 332.00 | OK | |
| r-release-windows-x86_64 | 2.2-1 | 27.00 | 357.00 | 384.00 | OK | |
| r-oldrel-macos-arm64 | 2.2-1 | 12.00 | 160.00 | 172.00 | NOTE | |
| r-oldrel-macos-x86_64 | 2.2-1 | 33.00 | 314.00 | 347.00 | NOTE | |
| r-oldrel-windows-x86_64 | 2.2-1 | 39.00 | 459.00 | 498.00 | NOTE |
Version: 2.2-1
Check: installed package size
Result: NOTE
installed size is 6.9Mb
sub-directories of 1Mb or more:
R 2.1Mb
data 2.0Mb
doc 1.9Mb
Flavors: r-oldrel-macos-arm64, r-oldrel-macos-x86_64, r-oldrel-windows-x86_64