Last updated on 2024-06-27 16:48:59 CEST.
Flavor | Version | Tinstall | Tcheck | Ttotal | Status | Flags |
---|---|---|---|---|---|---|
r-devel-linux-x86_64-debian-clang | 0.1.0 | NOTE | ||||
r-devel-linux-x86_64-debian-gcc | 0.1.0 | 349.89 | 21.32 | 371.21 | NOTE | |
r-devel-linux-x86_64-fedora-clang | 0.1.0 | 775.45 | NOTE | |||
r-devel-linux-x86_64-fedora-gcc | 0.1.0 | 722.88 | NOTE | |||
r-devel-windows-x86_64 | 0.1.0 | 249.00 | 57.00 | 306.00 | NOTE | |
r-patched-linux-x86_64 | 0.1.0 | 432.80 | 26.84 | 459.64 | OK | |
r-release-linux-x86_64 | 0.1.0 | 354.53 | 27.28 | 381.81 | OK | |
r-release-macos-arm64 | 0.1.0 | 151.00 | NOTE | |||
r-release-macos-x86_64 | 0.1.0 | 210.00 | NOTE | |||
r-release-windows-x86_64 | 0.1.0 | 262.00 | 58.00 | 320.00 | OK | |
r-oldrel-macos-arm64 | 0.1.0 | 152.00 | NOTE | |||
r-oldrel-macos-x86_64 | 0.1.0 | 296.00 | NOTE | |||
r-oldrel-windows-x86_64 | 0.1.0 | 321.00 | 65.00 | 386.00 | OK |
Version: 0.1.0
Check: compiled code
Result: NOTE
File ‘arcgisplaces/libs/arcgisplaces.so’:
Found non-API calls to R: ‘PRCODE’, ‘PRENV’
Compiled code should not call non-API entry points in R.
See ‘Writing portable packages’ in the ‘Writing R Extensions’ manual.
Flavors: r-devel-linux-x86_64-debian-clang, r-devel-linux-x86_64-fedora-clang, r-devel-linux-x86_64-fedora-gcc
Version: 0.1.0
Check: compiled code
Result: NOTE
File ‘arcgisplaces/libs/arcgisplaces.so’:
Found non-API calls to R: ‘PRCODE’, ‘PRENV’
Compiled code should not call non-API entry points in R.
See ‘Writing portable packages’ in the ‘Writing R Extensions’ manual.
See section ‘Moving into C API compliance’ in the ‘Writing R
Extensions’ manual for issues with use of non-API entry points.
Flavor: r-devel-linux-x86_64-debian-gcc
Version: 0.1.0
Check: installed package size
Result: NOTE
installed size is 7.6Mb
sub-directories of 1Mb or more:
libs 7.4Mb
Flavors: r-devel-linux-x86_64-fedora-clang, r-release-macos-arm64, r-release-macos-x86_64, r-oldrel-macos-arm64, r-oldrel-macos-x86_64
Version: 0.1.0
Check: compiled code
Result: NOTE
File 'arcgisplaces/libs/x64/arcgisplaces.dll':
Found non-API calls to R: 'PRCODE', 'PRENV'
Compiled code should not call non-API entry points in R.
See 'Writing portable packages' in the 'Writing R Extensions' manual.
Flavor: r-devel-windows-x86_64