Last updated on 2025-11-16 06:49:30 CET.
| Flavor | Version | Tinstall | Tcheck | Ttotal | Status | Flags |
|---|---|---|---|---|---|---|
| r-devel-linux-x86_64-debian-clang | 2.3.8 | 9.09 | 86.54 | 95.63 | NOTE | |
| r-devel-linux-x86_64-debian-gcc | 2.3.8 | 6.65 | 66.44 | 73.09 | NOTE | |
| r-devel-linux-x86_64-fedora-clang | 2.3.8 | 43.00 | 105.40 | 148.40 | OK | |
| r-devel-linux-x86_64-fedora-gcc | 2.3.8 | 19.00 | 112.42 | 131.42 | OK | |
| r-devel-windows-x86_64 | 2.3.8 | 12.00 | 115.00 | 127.00 | OK | |
| r-patched-linux-x86_64 | 2.3.8 | 11.71 | 82.91 | 94.62 | NOTE | |
| r-release-linux-x86_64 | 2.3.8 | 8.23 | 83.49 | 91.72 | NOTE | |
| r-release-macos-arm64 | 2.3.8 | 4.00 | 38.00 | 42.00 | OK | |
| r-release-macos-x86_64 | 2.3.8 | 9.00 | 74.00 | 83.00 | OK | |
| r-release-windows-x86_64 | 2.3.8 | 12.00 | 116.00 | 128.00 | OK | |
| r-oldrel-macos-arm64 | 2.3.8 | 4.00 | 36.00 | 40.00 | OK | |
| r-oldrel-macos-x86_64 | 2.3.8 | 9.00 | 90.00 | 99.00 | OK | |
| r-oldrel-windows-x86_64 | 2.3.8 | 15.00 | 146.00 | 161.00 | OK |
Version: 2.3.8
Check: for unstated dependencies in ‘demo’
Result: NOTE
'library' or 'require' call not declared from: ‘gridExtra’
Flavors: r-devel-linux-x86_64-debian-clang, r-devel-linux-x86_64-debian-gcc, r-patched-linux-x86_64, r-release-linux-x86_64