Last updated on 2024-07-13 05:49:08 CEST.
Flavor | Version | Tinstall | Tcheck | Ttotal | Status | Flags |
---|---|---|---|---|---|---|
r-devel-linux-x86_64-debian-clang | 0.2.0 | 6.86 | 23.53 | 30.39 | NOTE | |
r-devel-linux-x86_64-debian-gcc | 0.2.0 | 5.01 | 19.06 | 24.07 | NOTE | |
r-devel-linux-x86_64-fedora-clang | 0.2.0 | 44.47 | NOTE | |||
r-devel-linux-x86_64-fedora-gcc | 0.2.0 | 39.08 | NOTE | |||
r-devel-windows-x86_64 | 0.2.0 | 8.00 | 46.00 | 54.00 | NOTE | |
r-patched-linux-x86_64 | 0.2.0 | 6.67 | 23.40 | 30.07 | OK | |
r-release-linux-x86_64 | 0.2.0 | 5.93 | 22.61 | 28.54 | OK | |
r-release-macos-arm64 | 0.2.0 | 18.00 | OK | |||
r-release-macos-x86_64 | 0.2.0 | 28.00 | OK | |||
r-release-windows-x86_64 | 0.2.0 | 7.00 | 46.00 | 53.00 | OK | |
r-oldrel-macos-arm64 | 0.2.0 | 36.00 | OK | |||
r-oldrel-macos-x86_64 | 0.2.0 | 42.00 | OK | |||
r-oldrel-windows-x86_64 | 0.2.0 | 9.00 | 48.00 | 57.00 | OK |
Version: 0.2.0
Check: compiled code
Result: NOTE
File ‘area/libs/area.so’:
Found non-API calls to R: ‘SETLENGTH’, ‘SET_GROWABLE_BIT’,
‘SET_TRUELENGTH’
Compiled code should not call non-API entry points in R.
See ‘Writing portable packages’ in the ‘Writing R Extensions’ manual,
and section ‘Moving into C API compliance’ for issues with the use of
non-API entry points.
Flavors: r-devel-linux-x86_64-debian-clang, r-devel-linux-x86_64-debian-gcc, r-devel-linux-x86_64-fedora-clang, r-devel-linux-x86_64-fedora-gcc
Version: 0.2.0
Check: compiled code
Result: NOTE
File 'area/libs/x64/area.dll':
Found non-API calls to R: 'SETLENGTH', 'SET_GROWABLE_BIT',
'SET_TRUELENGTH'
Compiled code should not call non-API entry points in R.
See 'Writing portable packages' in the 'Writing R Extensions' manual,
and section 'Moving into C API compliance' for issues with the use of
non-API entry points.
Flavor: r-devel-windows-x86_64