CRAN Package Check Results for Package areabiplot

Last updated on 2025-11-16 18:49:24 CET.

Flavor Version Tinstall Tcheck Ttotal Status Flags
r-devel-linux-x86_64-debian-clang 1.0.0 1.69 21.56 23.25 OK
r-devel-linux-x86_64-debian-gcc 1.0.0 1.42 18.41 19.83 OK
r-devel-linux-x86_64-fedora-clang 1.0.0 34.18 OK
r-devel-linux-x86_64-fedora-gcc 1.0.0 32.62 OK
r-devel-windows-x86_64 1.0.0 5.00 45.00 50.00 OK
r-patched-linux-x86_64 1.0.0 1.82 20.46 22.28 OK
r-release-linux-x86_64 1.0.0 1.57 20.61 22.18 OK
r-release-macos-arm64 1.0.0 1.00 16.00 17.00 OK
r-release-macos-x86_64 1.0.0 2.00 23.00 25.00 OK
r-release-windows-x86_64 1.0.0 3.00 45.00 48.00 OK
r-oldrel-macos-arm64 1.0.0 1.00 15.00 16.00 NOTE
r-oldrel-macos-x86_64 1.0.0 1.00 22.00 23.00 NOTE
r-oldrel-windows-x86_64 1.0.0 3.00 49.00 52.00 NOTE

Check Details

Version: 1.0.0
Check: LazyData
Result: NOTE 'LazyData' is specified without a 'data' directory Flavors: r-oldrel-macos-arm64, r-oldrel-macos-x86_64, r-oldrel-windows-x86_64