CRAN Package Check Results for Package argo

Last updated on 2025-11-16 00:48:25 CET.

Flavor Version Tinstall Tcheck Ttotal Status Flags
r-devel-linux-x86_64-debian-clang 3.0.2 9.14 116.09 125.23 NOTE
r-devel-linux-x86_64-debian-gcc 3.0.2 7.57 81.47 89.04 NOTE
r-devel-linux-x86_64-fedora-clang 3.0.2 38.00 169.12 207.12 OK
r-devel-linux-x86_64-fedora-gcc 3.0.2 20.00 173.66 193.66 OK
r-devel-windows-x86_64 3.0.2 16.00 122.00 138.00 OK
r-patched-linux-x86_64 3.0.2 10.80 114.13 124.93 OK
r-release-linux-x86_64 3.0.2 10.35 115.30 125.65 OK
r-release-macos-arm64 3.0.2 5.00 60.00 65.00 OK
r-release-macos-x86_64 3.0.2 11.00 123.00 134.00 OK
r-release-windows-x86_64 3.0.2 13.00 122.00 135.00 OK
r-oldrel-macos-arm64 3.0.2 4.00 48.00 52.00 OK
r-oldrel-macos-x86_64 3.0.2 6.00 80.00 86.00 OK
r-oldrel-windows-x86_64 3.0.2 16.00 161.00 177.00 OK

Check Details

Version: 3.0.2
Check: CRAN incoming feasibility
Result: NOTE Maintainer: ‘Shihao Yang <shihao.yang@isye.gatech.edu>’ No Authors@R field in DESCRIPTION. Please add one, modifying Authors@R: c(person(given = "Shaoyang", family = "Ning", role = "aut"), person(given = "Shihao", family = "Yang", role = c("aut", "cre"), email = "shihao.yang@isye.gatech.edu"), person(given = c("S.", "C."), family = "Kou", role = "aut")) as necessary. Flavors: r-devel-linux-x86_64-debian-clang, r-devel-linux-x86_64-debian-gcc