CRAN Package Check Results for Package arnie

Last updated on 2025-04-29 13:51:16 CEST.

Flavor Version Tinstall Tcheck Ttotal Status Flags
r-devel-linux-x86_64-debian-clang 0.1.2 1.33 16.64 17.97 NOTE
r-devel-linux-x86_64-debian-gcc 0.1.2 1.26 14.05 15.31 NOTE
r-devel-linux-x86_64-fedora-clang 0.1.2 28.20 NOTE
r-devel-linux-x86_64-fedora-gcc 0.1.2 26.88 NOTE
r-devel-windows-x86_64 0.1.2 3.00 35.00 38.00 NOTE
r-patched-linux-x86_64 0.1.2 1.53 15.83 17.36 NOTE
r-release-linux-x86_64 0.1.2 1.52 16.05 17.57 NOTE
r-release-macos-arm64 0.1.2 14.00 NOTE
r-release-macos-x86_64 0.1.2 21.00 NOTE
r-release-windows-x86_64 0.1.2 3.00 39.00 42.00 NOTE
r-oldrel-macos-arm64 0.1.2 19.00 NOTE
r-oldrel-macos-x86_64 0.1.2 23.00 NOTE
r-oldrel-windows-x86_64 0.1.2 2.00 34.00 36.00 NOTE

Check Details

Version: 0.1.2
Check: CRAN incoming feasibility
Result: NOTE Maintainer: ‘'Imanuel Costigan' <i.costigan@me.com>’ Authors@R field should be a call to person(), or combine such calls. Flavors: r-devel-linux-x86_64-debian-clang, r-devel-linux-x86_64-debian-gcc

Version: 0.1.2
Check: DESCRIPTION meta-information
Result: NOTE Malformed Description field: should contain one or more complete sentences. Flavors: r-devel-linux-x86_64-debian-clang, r-devel-linux-x86_64-debian-gcc, r-devel-linux-x86_64-fedora-clang, r-devel-linux-x86_64-fedora-gcc, r-devel-windows-x86_64, r-patched-linux-x86_64, r-release-linux-x86_64, r-release-macos-arm64, r-release-macos-x86_64, r-release-windows-x86_64, r-oldrel-macos-arm64, r-oldrel-macos-x86_64, r-oldrel-windows-x86_64