Last updated on 2025-04-30 13:54:08 CEST.
Flavor | Version | Tinstall | Tcheck | Ttotal | Status | Flags |
---|---|---|---|---|---|---|
r-devel-linux-x86_64-debian-clang | 1.5.3 | 16.74 | 147.18 | 163.92 | NOTE | |
r-devel-linux-x86_64-debian-gcc | 1.5.3 | 11.10 | 101.40 | 112.50 | OK | |
r-devel-linux-x86_64-fedora-clang | 1.5.3 | 266.52 | OK | |||
r-devel-linux-x86_64-fedora-gcc | 1.5.3 | 266.38 | OK | |||
r-devel-windows-x86_64 | 1.5.3 | 17.00 | 161.00 | 178.00 | OK | |
r-patched-linux-x86_64 | 1.5.3 | 15.85 | 139.44 | 155.29 | OK | |
r-release-linux-x86_64 | 1.5.3 | 15.50 | 139.65 | 155.15 | OK | |
r-release-macos-arm64 | 1.5.3 | 77.00 | OK | |||
r-release-macos-x86_64 | 1.5.3 | 158.00 | OK | |||
r-release-windows-x86_64 | 1.5.3 | 15.00 | 154.00 | 169.00 | OK | |
r-oldrel-macos-arm64 | 1.5.3 | 74.00 | OK | |||
r-oldrel-macos-x86_64 | 1.5.3 | 113.00 | OK | |||
r-oldrel-windows-x86_64 | 1.5.3 | 21.00 | 188.00 | 209.00 | OK |
Version: 1.5.3
Check: examples
Result: NOTE
Examples with CPU (user + system) or elapsed time > 5s
user system elapsed
plot_arulesViz 5.334 0.227 7.008
Flavor: r-devel-linux-x86_64-debian-clang