Last updated on 2025-04-29 13:51:16 CEST.
Flavor | Version | Tinstall | Tcheck | Ttotal | Status | Flags |
---|---|---|---|---|---|---|
r-devel-linux-x86_64-debian-clang | 1.1.2 | 36.81 | 68.99 | 105.80 | OK | |
r-devel-linux-x86_64-debian-gcc | 1.1.2 | 21.11 | 47.46 | 68.57 | OK | |
r-devel-linux-x86_64-fedora-clang | 1.1.2 | 161.82 | OK | |||
r-devel-linux-x86_64-fedora-gcc | 1.1.2 | 150.95 | OK | |||
r-devel-windows-x86_64 | 1.1.2 | 39.00 | 102.00 | 141.00 | OK | |
r-patched-linux-x86_64 | 1.1.2 | 38.62 | 67.80 | 106.42 | OK | |
r-release-linux-x86_64 | 1.1.2 | 38.10 | 67.12 | 105.22 | OK | |
r-release-macos-arm64 | 1.1.2 | 67.00 | OK | |||
r-release-macos-x86_64 | 1.1.2 | 173.00 | OK | |||
r-release-windows-x86_64 | 1.1.2 | 39.00 | 107.00 | 146.00 | OK | |
r-oldrel-macos-arm64 | 1.1.2 | 61.00 | NOTE | |||
r-oldrel-macos-x86_64 | 1.1.2 | 94.00 | OK | |||
r-oldrel-windows-x86_64 | 1.1.2 | 41.00 | 96.00 | 137.00 | OK |
Version: 1.1.2
Check: installed package size
Result: NOTE
installed size is 5.0Mb
sub-directories of 1Mb or more:
data 4.5Mb
Flavor: r-oldrel-macos-arm64