Last updated on 2025-11-16 12:49:24 CET.
| Flavor | Version | Tinstall | Tcheck | Ttotal | Status | Flags |
|---|---|---|---|---|---|---|
| r-devel-linux-x86_64-debian-clang | 0.1.0 | 1.55 | 259.60 | 261.15 | OK | |
| r-devel-linux-x86_64-debian-gcc | 0.1.0 | 1.47 | 141.41 | 142.88 | OK | |
| r-devel-linux-x86_64-fedora-clang | 0.1.0 | 488.19 | OK | |||
| r-devel-linux-x86_64-fedora-gcc | 0.1.0 | 446.18 | OK | |||
| r-devel-windows-x86_64 | 0.1.0 | 3.00 | 268.00 | 271.00 | OK | |
| r-patched-linux-x86_64 | 0.1.0 | 2.08 | 250.49 | 252.57 | OK | |
| r-release-linux-x86_64 | 0.1.0 | 1.93 | 257.20 | 259.13 | OK | |
| r-release-macos-arm64 | 0.1.0 | 1.00 | 105.00 | 106.00 | OK | |
| r-release-macos-x86_64 | 0.1.0 | 2.00 | 238.00 | 240.00 | OK | |
| r-release-windows-x86_64 | 0.1.0 | 2.00 | 256.00 | 258.00 | OK | |
| r-oldrel-macos-arm64 | 0.1.0 | 1.00 | 102.00 | 103.00 | NOTE | |
| r-oldrel-macos-x86_64 | 0.1.0 | 2.00 | 172.00 | 174.00 | NOTE | |
| r-oldrel-windows-x86_64 | 0.1.0 | 4.00 | 330.00 | 334.00 | NOTE |
Version: 0.1.0
Check: LazyData
Result: NOTE
'LazyData' is specified without a 'data' directory
Flavors: r-oldrel-macos-arm64, r-oldrel-macos-x86_64, r-oldrel-windows-x86_64