CRAN Package Check Results for Package audubon

Last updated on 2025-11-16 06:49:30 CET.

Flavor Version Tinstall Tcheck Ttotal Status Flags
r-devel-linux-x86_64-debian-clang 0.5.2 3.54 50.30 53.84 NOTE
r-devel-linux-x86_64-debian-gcc 0.5.2 2.99 38.46 41.45 NOTE
r-devel-linux-x86_64-fedora-clang 0.5.2 18.00 68.78 86.78 NOTE
r-devel-linux-x86_64-fedora-gcc 0.5.2 78.00 NOTE
r-devel-windows-x86_64 0.5.2 10.00 66.00 76.00 NOTE
r-patched-linux-x86_64 0.5.2 4.59 46.28 50.87 NOTE
r-release-linux-x86_64 0.5.2 3.09 46.82 49.91 NOTE
r-release-macos-arm64 0.5.2 2.00 26.00 28.00 NOTE
r-release-macos-x86_64 0.5.2 4.00 44.00 48.00 NOTE
r-release-windows-x86_64 0.5.2 7.00 63.00 70.00 NOTE
r-oldrel-macos-arm64 0.5.2 3.00 27.00 30.00 OK
r-oldrel-macos-x86_64 0.5.2 3.00 38.00 41.00 OK
r-oldrel-windows-x86_64 0.5.2 9.00 79.00 88.00 OK

Check Details

Version: 0.5.2
Check: DESCRIPTION meta-information
Result: NOTE Missing dependency on R >= 4.1.0 because package code uses the pipe |> or function shorthand \(...) syntax added in R 4.1.0. File(s) using such syntax: ‘bind_lr.Rd’ ‘lex_density.Rd’ Flavors: r-devel-linux-x86_64-debian-clang, r-devel-linux-x86_64-debian-gcc, r-devel-linux-x86_64-fedora-clang, r-devel-linux-x86_64-fedora-gcc, r-devel-windows-x86_64, r-patched-linux-x86_64, r-release-linux-x86_64, r-release-macos-arm64, r-release-macos-x86_64, r-release-windows-x86_64