Last updated on 2025-04-29 13:51:16 CEST.
Flavor | Version | Tinstall | Tcheck | Ttotal | Status | Flags |
---|---|---|---|---|---|---|
r-devel-linux-x86_64-debian-clang | 0.1.5 | 3.23 | 31.62 | 34.85 | NOTE | |
r-devel-linux-x86_64-debian-gcc | 0.1.5 | 2.30 | 24.65 | 26.95 | NOTE | |
r-devel-linux-x86_64-fedora-clang | 0.1.5 | 52.32 | OK | |||
r-devel-linux-x86_64-fedora-gcc | 0.1.5 | 49.96 | OK | |||
r-devel-windows-x86_64 | 0.1.5 | 7.00 | 66.00 | 73.00 | OK | |
r-patched-linux-x86_64 | 0.1.5 | 3.21 | 29.17 | 32.38 | OK | |
r-release-linux-x86_64 | 0.1.5 | 3.14 | 29.07 | 32.21 | OK | |
r-release-macos-arm64 | 0.1.5 | 40.00 | OK | |||
r-release-macos-x86_64 | 0.1.5 | 45.00 | OK | |||
r-release-windows-x86_64 | 0.1.5 | 10.00 | 68.00 | 78.00 | OK | |
r-oldrel-macos-arm64 | 0.1.5 | 21.00 | OK | |||
r-oldrel-macos-x86_64 | 0.1.5 | 33.00 | OK | |||
r-oldrel-windows-x86_64 | 0.1.5 | 8.00 | 70.00 | 78.00 | OK |
Version: 0.1.5
Check: CRAN incoming feasibility
Result: NOTE
Maintainer: ‘Antoine Sachet <antoine.sac@gmail.com>’
Package CITATION file contains call(s) to old-style personList() or
as.personList(). Please use c() on person objects instead.
Package CITATION file contains call(s) to old-style citEntry(). Please
use bibentry() instead.
Flavors: r-devel-linux-x86_64-debian-clang, r-devel-linux-x86_64-debian-gcc