CRAN Package Check Results for Package aws.polly

Last updated on 2025-10-02 16:48:31 CEST.

Flavor Version Tinstall Tcheck Ttotal Status Flags
r-devel-linux-x86_64-debian-clang 0.1.5 2.99 32.92 35.91 NOTE
r-devel-linux-x86_64-debian-gcc 0.1.5 2.32 25.39 27.71 NOTE
r-devel-linux-x86_64-fedora-clang 0.1.5 50.82 OK
r-devel-linux-x86_64-fedora-gcc 0.1.5 50.56 OK
r-devel-windows-x86_64 0.1.5 7.00 73.00 80.00 OK
r-patched-linux-x86_64 0.1.5 3.33 30.07 33.40 OK
r-release-linux-x86_64 0.1.5 2.84 29.98 32.82 OK
r-release-macos-arm64 0.1.5 40.00 OK
r-release-macos-x86_64 0.1.5 45.00 OK
r-release-windows-x86_64 0.1.5 6.00 67.00 73.00 OK
r-oldrel-macos-arm64 0.1.5 21.00 OK
r-oldrel-macos-x86_64 0.1.5 33.00 OK
r-oldrel-windows-x86_64 0.1.5 7.00 73.00 80.00 OK

Check Details

Version: 0.1.5
Check: CRAN incoming feasibility
Result: NOTE Maintainer: ‘Antoine Sachet <antoine.sac@gmail.com>’ Package CITATION file contains call(s) to old-style personList() or as.personList(). Please use c() on person objects instead. Package CITATION file contains call(s) to old-style citEntry(). Please use bibentry() instead. Flavors: r-devel-linux-x86_64-debian-clang, r-devel-linux-x86_64-debian-gcc