CRAN Package Check Results for Package azlogr

Last updated on 2025-11-16 00:48:25 CET.

Flavor Version Tinstall Tcheck Ttotal Status Flags
r-devel-linux-x86_64-debian-clang 0.0.6 1.84 29.75 31.59 OK
r-devel-linux-x86_64-debian-gcc 0.0.6 1.52 24.92 26.44 NOTE
r-devel-linux-x86_64-fedora-clang 0.0.6 18.00 33.70 51.70 OK
r-devel-linux-x86_64-fedora-gcc 0.0.6 59.52 OK
r-devel-windows-x86_64 0.0.6 4.00 48.00 52.00 OK
r-patched-linux-x86_64 0.0.6 2.10 26.98 29.08 OK
r-release-linux-x86_64 0.0.6 1.68 26.96 28.64 OK
r-release-macos-arm64 0.0.6 2.00 61.00 63.00 OK
r-release-macos-x86_64 0.0.6 2.00 44.00 46.00 OK
r-release-windows-x86_64 0.0.6 3.00 47.00 50.00 OK
r-oldrel-macos-arm64 0.0.6 1.00 24.00 25.00 OK
r-oldrel-macos-x86_64 0.0.6 2.00 39.00 41.00 OK
r-oldrel-windows-x86_64 0.0.6 4.00 51.00 55.00 OK

Check Details

Version: 0.0.6
Check: CRAN incoming feasibility
Result: NOTE Maintainer: ‘Vivek Atal <atalvivek@yahoo.co.in>’ The BugReports field in DESCRIPTION has https://github.com/atalv/azlogr/issues/ which should likely be https://github.com/atalv/azlogr/issues/issues instead. Flavor: r-devel-linux-x86_64-debian-gcc