Last updated on 2025-11-16 18:49:24 CET.
| Flavor | Version | Tinstall | Tcheck | Ttotal | Status | Flags |
|---|---|---|---|---|---|---|
| r-devel-linux-x86_64-debian-clang | 0.1.0 | 4.83 | 49.21 | 54.04 | OK | |
| r-devel-linux-x86_64-debian-gcc | 0.1.0 | 4.11 | 37.12 | 41.23 | OK | |
| r-devel-linux-x86_64-fedora-clang | 0.1.0 | 25.00 | 60.94 | 85.94 | OK | |
| r-devel-linux-x86_64-fedora-gcc | 0.1.0 | 14.00 | 66.84 | 80.84 | OK | |
| r-devel-windows-x86_64 | 0.1.0 | 8.00 | 62.00 | 70.00 | OK | |
| r-patched-linux-x86_64 | 0.1.0 | 4.76 | 45.90 | 50.66 | OK | |
| r-release-linux-x86_64 | 0.1.0 | 4.89 | 46.32 | 51.21 | OK | |
| r-release-macos-arm64 | 0.1.0 | 3.00 | 24.00 | 27.00 | OK | |
| r-release-macos-x86_64 | 0.1.0 | 5.00 | 48.00 | 53.00 | OK | |
| r-release-windows-x86_64 | 0.1.0 | 7.00 | 60.00 | 67.00 | OK | |
| r-oldrel-macos-arm64 | 0.1.0 | 3.00 | 29.00 | 32.00 | NOTE | |
| r-oldrel-macos-x86_64 | 0.1.0 | 5.00 | 44.00 | 49.00 | NOTE | |
| r-oldrel-windows-x86_64 | 0.1.0 | 8.00 | 74.00 | 82.00 | NOTE |
Version: 0.1.0
Check: package dependencies
Result: NOTE
Depends: includes the non-default packages:
'dplyr', 'glue', 'janitor', 'lubridate', 'readr', 'snakecase',
'stringr'
Adding so many packages to the search path is excessive and importing
selectively is preferable.
Flavors: r-oldrel-macos-arm64, r-oldrel-macos-x86_64, r-oldrel-windows-x86_64