Last updated on 2024-07-13 05:49:08 CEST.
Flavor | Version | Tinstall | Tcheck | Ttotal | Status | Flags |
---|---|---|---|---|---|---|
r-devel-linux-x86_64-debian-clang | 0.0.2 | 7.50 | 38.46 | 45.96 | OK | |
r-devel-linux-x86_64-debian-gcc | 0.0.2 | 5.88 | 29.44 | 35.32 | OK | |
r-devel-linux-x86_64-fedora-clang | 0.0.2 | 57.42 | NOTE | |||
r-devel-linux-x86_64-fedora-gcc | 0.0.2 | 54.50 | NOTE | |||
r-devel-windows-x86_64 | 0.0.2 | 8.00 | 49.00 | 57.00 | OK | |
r-patched-linux-x86_64 | 0.0.2 | 5.43 | 36.14 | 41.57 | OK | |
r-release-linux-x86_64 | 0.0.2 | 7.42 | 36.41 | 43.83 | OK | |
r-release-macos-arm64 | 0.0.2 | 23.00 | OK | |||
r-release-macos-x86_64 | 0.0.2 | 32.00 | OK | |||
r-release-windows-x86_64 | 0.0.2 | 8.00 | 48.00 | 56.00 | OK | |
r-oldrel-macos-arm64 | 0.0.2 | 26.00 | OK | |||
r-oldrel-macos-x86_64 | 0.0.2 | 38.00 | OK | |||
r-oldrel-windows-x86_64 | 0.0.2 | 9.00 | 52.00 | 61.00 | OK |
Version: 0.0.2
Check: data for non-ASCII characters
Result: NOTE
Note: found 135648 marked UTF-8 strings
Flavors: r-devel-linux-x86_64-fedora-clang, r-devel-linux-x86_64-fedora-gcc