Last updated on 2025-11-16 00:48:25 CET.
| Flavor | Version | Tinstall | Tcheck | Ttotal | Status | Flags |
|---|---|---|---|---|---|---|
| r-devel-linux-x86_64-debian-clang | 1.0.1 | 631.41 | 497.72 | 1129.13 | OK | |
| r-devel-linux-x86_64-debian-gcc | 1.0.1 | 531.64 | 400.27 | 931.91 | NOTE | |
| r-devel-linux-x86_64-fedora-clang | 1.0.1 | 2760.00 | -959.17 | 1800.83 | NOTE | |
| r-devel-linux-x86_64-fedora-gcc | 1.0.1 | 3180.00 | -993.62 | 2186.38 | NOTE | |
| r-devel-windows-x86_64 | 1.0.1 | 661.00 | 537.00 | 1198.00 | OK | |
| r-patched-linux-x86_64 | 1.0.1 | 715.84 | 547.33 | 1263.17 | OK | |
| r-release-linux-x86_64 | 1.0.1 | 718.38 | 419.40 | 1137.78 | ERROR | |
| r-release-macos-arm64 | 1.0.1 | 260.00 | 198.00 | 458.00 | OK | |
| r-release-macos-x86_64 | 1.0.1 | 193.00 | 405.00 | 598.00 | OK | |
| r-release-windows-x86_64 | 1.0.1 | 617.00 | 533.00 | 1150.00 | OK | |
| r-oldrel-macos-arm64 | 1.0.1 | 127.00 | 114.00 | 241.00 | NOTE | |
| r-oldrel-macos-x86_64 | 1.0.1 | 86.00 | 196.00 | 282.00 | NOTE | |
| r-oldrel-windows-x86_64 | 1.0.1 | 738.00 | 671.00 | 1409.00 | NOTE |
Version: 1.0.1
Check: CRAN incoming feasibility
Result: NOTE
Maintainer: ‘Isaac Vock <isaac.vock@gmail.com>’
The BugReports field in DESCRIPTION has
https://github.com/simonlabcode/bakR/issues/
which should likely be
https://github.com/simonlabcode/bakR/issues/issues
instead.
Flavor: r-devel-linux-x86_64-debian-gcc
Version: 1.0.1
Check: dependencies in R code
Result: NOTE
Namespaces in Imports field not imported from:
‘RcppParallel’ ‘rstantools’
All declared Imports should be used.
Flavors: r-devel-linux-x86_64-fedora-clang, r-devel-linux-x86_64-fedora-gcc
Version: 1.0.1
Check: re-building of vignette outputs
Result: ERROR
Error(s) in re-building vignettes:
...
--- re-building ‘Differential-Synth.Rmd’ using rmarkdown
Quitting from Differential-Synth.Rmd:28-42 [setup]
~~~~~~~~~~~~~~~~~~~~~~~~~~~~~~~~~~~~~~~~~~~~~~~~~~~~~~~~~~~~~~~~~~~~~~~~~~~~~~~~
<error/rlang_error>
Error in `library()`:
! there is no package called 'DESeq2'
---
Backtrace:
▆
1. └─base::library(DESeq2)
~~~~~~~~~~~~~~~~~~~~~~~~~~~~~~~~~~~~~~~~~~~~~~~~~~~~~~~~~~~~~~~~~~~~~~~~~~~~~~~~
Error: processing vignette 'Differential-Synth.Rmd' failed with diagnostics:
there is no package called 'DESeq2'
--- failed re-building ‘Differential-Synth.Rmd’
--- re-building ‘Dropout.Rmd’ using rmarkdown
[WARNING] Deprecated: --highlight-style. Use --syntax-highlighting instead.
--- finished re-building ‘Dropout.Rmd’
--- re-building ‘Getting-Started.Rmd’ using rmarkdown
[WARNING] Deprecated: --highlight-style. Use --syntax-highlighting instead.
--- finished re-building ‘Getting-Started.Rmd’
--- re-building ‘NSS.Rmd’ using rmarkdown
Quitting from NSS.Rmd:31-46 [setup]
~~~~~~~~~~~~~~~~~~~~~~~~~~~~~~~~~~~~~~~~~~~~~~~~~~~~~~~~~~~~~~~~~~~~~~~~~~~~~~~~
<error/rlang_error>
Error in `library()`:
! there is no package called 'DESeq2'
---
Backtrace:
▆
1. └─base::library(DESeq2)
~~~~~~~~~~~~~~~~~~~~~~~~~~~~~~~~~~~~~~~~~~~~~~~~~~~~~~~~~~~~~~~~~~~~~~~~~~~~~~~~
Error: processing vignette 'NSS.Rmd' failed with diagnostics:
there is no package called 'DESeq2'
--- failed re-building ‘NSS.Rmd’
--- re-building ‘Troubleshooting.Rmd’ using rmarkdown
[WARNING] Deprecated: --highlight-style. Use --syntax-highlighting instead.
--- finished re-building ‘Troubleshooting.Rmd’
--- re-building ‘bakR-Fn.Rmd’ using rmarkdown
[WARNING] Deprecated: --highlight-style. Use --syntax-highlighting instead.
--- finished re-building ‘bakR-Fn.Rmd’
--- re-building ‘bakR-Quickstart.Rmd’ using rmarkdown
[WARNING] Deprecated: --highlight-style. Use --syntax-highlighting instead.
--- finished re-building ‘bakR-Quickstart.Rmd’
SUMMARY: processing the following files failed:
‘Differential-Synth.Rmd’ ‘NSS.Rmd’
Error: Vignette re-building failed.
Execution halted
Flavor: r-release-linux-x86_64
Version: 1.0.1
Check: installed package size
Result: NOTE
installed size is 103.3Mb
sub-directories of 1Mb or more:
libs 101.5Mb
Flavors: r-oldrel-macos-arm64, r-oldrel-macos-x86_64, r-oldrel-windows-x86_64
Version: 1.0.1
Check: for GNU extensions in Makefiles
Result: NOTE
GNU make is a SystemRequirements.
Flavors: r-oldrel-macos-arm64, r-oldrel-macos-x86_64