Last updated on 2025-10-25 00:49:31 CEST.
| Flavor | Version | Tinstall | Tcheck | Ttotal | Status | Flags |
|---|---|---|---|---|---|---|
| r-devel-linux-x86_64-debian-clang | 0.5.1 | 1.97 | 22.88 | 24.85 | NOTE | |
| r-devel-linux-x86_64-debian-gcc | 0.5.1 | 1.74 | 18.76 | 20.50 | NOTE | |
| r-devel-linux-x86_64-fedora-clang | 0.5.1 | 36.38 | OK | |||
| r-devel-linux-x86_64-fedora-gcc | 0.5.1 | 36.14 | OK | |||
| r-devel-windows-x86_64 | 0.5.1 | 3.00 | 43.00 | 46.00 | OK | |
| r-patched-linux-x86_64 | 0.5.1 | 2.17 | 21.58 | 23.75 | OK | |
| r-release-linux-x86_64 | 0.5.1 | 1.98 | 21.64 | 23.62 | OK | |
| r-release-macos-arm64 | 0.5.1 | 2.00 | 16.00 | 18.00 | OK | |
| r-release-macos-x86_64 | 0.5.1 | 2.00 | 26.00 | 28.00 | OK | |
| r-release-windows-x86_64 | 0.5.1 | 3.00 | 51.00 | 54.00 | OK | |
| r-oldrel-macos-arm64 | 0.5.1 | 1.00 | 16.00 | 17.00 | OK | |
| r-oldrel-macos-x86_64 | 0.5.1 | 2.00 | 21.00 | 23.00 | OK | |
| r-oldrel-windows-x86_64 | 0.5.1 | 4.00 | 46.00 | 50.00 | OK |
Version: 0.5.1
Check: CRAN incoming feasibility
Result: NOTE
Maintainer: ‘Markus Loecher <markus.loecher@gmail.com>’
No Authors@R field in DESCRIPTION.
Please add one, modifying
Authors@R: c(person(given = "Thomas",
family = "Lotze",
role = "aut"),
person(given = "Markus",
family = "Loecher",
role = c("aut", "cre"),
email = "markus.loecher@gmail.com"))
as necessary.
Flavors: r-devel-linux-x86_64-debian-clang, r-devel-linux-x86_64-debian-gcc