Last updated on 2025-04-29 13:51:16 CEST.
Flavor | Version | Tinstall | Tcheck | Ttotal | Status | Flags |
---|---|---|---|---|---|---|
r-devel-linux-x86_64-debian-clang | 1.0.4 | 6.74 | 157.50 | 164.24 | NOTE | |
r-devel-linux-x86_64-debian-gcc | 1.0.4 | 3.99 | 105.41 | 109.40 | OK | |
r-devel-linux-x86_64-fedora-clang | 1.0.4 | 257.78 | OK | |||
r-devel-linux-x86_64-fedora-gcc | 1.0.4 | 262.47 | OK | |||
r-devel-windows-x86_64 | 1.0.4 | 8.00 | 165.00 | 173.00 | OK | |
r-patched-linux-x86_64 | 1.0.4 | 7.86 | 150.16 | 158.02 | OK | |
r-release-linux-x86_64 | 1.0.4 | 5.00 | 147.15 | 152.15 | OK | |
r-release-macos-arm64 | 1.0.4 | 70.00 | OK | |||
r-release-macos-x86_64 | 1.0.4 | 170.00 | OK | |||
r-release-windows-x86_64 | 1.0.4 | 8.00 | 166.00 | 174.00 | OK | |
r-oldrel-macos-arm64 | 1.0.4 | 77.00 | OK | |||
r-oldrel-macos-x86_64 | 1.0.4 | 218.00 | OK | |||
r-oldrel-windows-x86_64 | 1.0.4 | 11.00 | 209.00 | 220.00 | OK |
Version: 1.0.4
Check: examples
Result: NOTE
Examples with CPU (user + system) or elapsed time > 5s
user system elapsed
hef 5.524 0.049 7.398
pp_check.hef 4.604 0.087 5.686
hanova1 3.619 0.106 5.420
Flavor: r-devel-linux-x86_64-debian-clang