Last updated on 2025-10-02 10:49:12 CEST.
Flavor | Version | Tinstall | Tcheck | Ttotal | Status | Flags |
---|---|---|---|---|---|---|
r-devel-linux-x86_64-debian-clang | 0.2.1 | 9.20 | 72.33 | 81.53 | NOTE | |
r-devel-linux-x86_64-debian-gcc | 0.2.1 | 6.81 | 56.84 | 63.65 | NOTE | |
r-devel-linux-x86_64-fedora-clang | 0.2.1 | 123.99 | NOTE | |||
r-devel-linux-x86_64-fedora-gcc | 0.2.1 | 136.54 | NOTE | |||
r-devel-windows-x86_64 | 0.2.1 | 10.00 | 85.00 | 95.00 | NOTE | |
r-patched-linux-x86_64 | 0.2.1 | 9.21 | 70.31 | 79.52 | NOTE | |
r-release-linux-x86_64 | 0.2.1 | 9.05 | 69.84 | 78.89 | NOTE | |
r-release-macos-arm64 | 0.2.1 | 83.00 | NOTE | |||
r-release-macos-x86_64 | 0.2.1 | 99.00 | NOTE | |||
r-release-windows-x86_64 | 0.2.1 | 13.00 | 84.00 | 97.00 | NOTE | |
r-oldrel-macos-arm64 | 0.2.1 | 51.00 | OK | |||
r-oldrel-macos-x86_64 | 0.2.1 | 97.00 | OK | |||
r-oldrel-windows-x86_64 | 0.2.1 | 16.00 | 101.00 | 117.00 | OK |
Version: 0.2.1
Check: DESCRIPTION meta-information
Result: NOTE
Missing dependency on R >= 4.2.0 because package code uses the pipe
placeholder syntax added in R 4.2.0.
File(s) using such syntax:
‘dexpfit.R’ ‘expfit.R’ ‘icarfit.R’ ‘logisticfit.R’
Flavors: r-devel-linux-x86_64-debian-clang, r-devel-linux-x86_64-debian-gcc, r-devel-linux-x86_64-fedora-clang, r-devel-linux-x86_64-fedora-gcc, r-devel-windows-x86_64, r-patched-linux-x86_64, r-release-linux-x86_64, r-release-macos-arm64, r-release-macos-x86_64, r-release-windows-x86_64