Last updated on 2025-11-16 18:49:24 CET.
| Flavor | Version | Tinstall | Tcheck | Ttotal | Status | Flags |
|---|---|---|---|---|---|---|
| r-devel-linux-x86_64-debian-clang | 1.1.2 | 10.28 | 157.61 | 167.89 | OK | |
| r-devel-linux-x86_64-debian-gcc | 1.1.2 | 8.23 | 110.99 | 119.22 | NOTE | |
| r-devel-linux-x86_64-fedora-clang | 1.1.2 | 20.00 | 243.87 | 263.87 | OK | |
| r-devel-linux-x86_64-fedora-gcc | 1.1.2 | 22.00 | 244.19 | 266.19 | OK | |
| r-devel-windows-x86_64 | 1.1.2 | 20.00 | 157.00 | 177.00 | OK | |
| r-patched-linux-x86_64 | 1.1.2 | 10.42 | 146.37 | 156.79 | OK | |
| r-release-linux-x86_64 | 1.1.2 | 9.36 | 146.38 | 155.74 | OK | |
| r-release-macos-arm64 | 1.1.2 | 4.00 | 89.00 | 93.00 | OK | |
| r-release-macos-x86_64 | 1.1.2 | 8.00 | 203.00 | 211.00 | OK | |
| r-release-windows-x86_64 | 1.1.2 | 19.00 | 156.00 | 175.00 | OK | |
| r-oldrel-macos-arm64 | 1.1.2 | 4.00 | 100.00 | 104.00 | OK | |
| r-oldrel-macos-x86_64 | 1.1.2 | 8.00 | 173.00 | 181.00 | OK | |
| r-oldrel-windows-x86_64 | 1.1.2 | 18.00 | 196.00 | 214.00 | OK |
Version: 1.1.2
Check: CRAN incoming feasibility
Result: NOTE
Maintainer: ‘Jakob Jentschke <jakob.jentschke@forst.bwl.de>’
The BugReports field in DESCRIPTION has
https://github.com/jjentschke/barrks/issues/
which should likely be
https://github.com/jjentschke/barrks/issues/issues
instead.
Flavor: r-devel-linux-x86_64-debian-gcc