Last updated on 2024-06-27 16:49:00 CEST.
Flavor | Version | Tinstall | Tcheck | Ttotal | Status | Flags |
---|---|---|---|---|---|---|
r-devel-linux-x86_64-debian-clang | 1.1.5 | OK | ||||
r-devel-linux-x86_64-debian-gcc | 1.1.5 | 11.85 | 98.02 | 109.87 | OK | |
r-devel-linux-x86_64-fedora-clang | 1.1.5 | 191.52 | NOTE | |||
r-devel-linux-x86_64-fedora-gcc | 1.1.5 | 176.03 | OK | |||
r-devel-windows-x86_64 | 1.1.5 | 15.00 | 107.00 | 122.00 | OK | |
r-patched-linux-x86_64 | 1.1.5 | 9.61 | 124.65 | 134.26 | OK | |
r-release-linux-x86_64 | 1.1.5 | 10.94 | 126.57 | 137.51 | OK | |
r-release-macos-arm64 | 1.1.5 | 62.00 | OK | |||
r-release-macos-x86_64 | 1.1.5 | 73.00 | OK | |||
r-release-windows-x86_64 | 1.1.5 | 14.00 | 109.00 | 123.00 | OK | |
r-oldrel-macos-arm64 | 1.1.5 | 65.00 | OK | |||
r-oldrel-macos-x86_64 | 1.1.5 | 98.00 | OK | |||
r-oldrel-windows-x86_64 | 1.1.5 | 19.00 | 138.00 | 157.00 | OK |
Version: 1.1.5
Check: Rd cross-references
Result: NOTE
Undeclared package ‘generics’ in Rd xrefs
Flavor: r-devel-linux-x86_64-fedora-clang