Last updated on 2025-05-17 07:50:13 CEST.
Flavor | Version | Tinstall | Tcheck | Ttotal | Status | Flags |
---|---|---|---|---|---|---|
r-devel-linux-x86_64-debian-clang | 2.0 | 26.18 | 40.20 | 66.38 | NOTE | |
r-devel-linux-x86_64-debian-gcc | 2.0 | 17.76 | 29.17 | 46.93 | NOTE | |
r-devel-linux-x86_64-fedora-clang | 2.0 | 110.39 | NOTE | |||
r-devel-linux-x86_64-fedora-gcc | 2.0 | 110.67 | NOTE | |||
r-devel-windows-x86_64 | 2.0 | 29.00 | 79.00 | 108.00 | NOTE | |
r-patched-linux-x86_64 | 2.0 | 22.66 | 38.51 | 61.17 | NOTE | |
r-release-linux-x86_64 | 2.0 | 24.49 | 38.60 | 63.09 | NOTE | |
r-release-macos-arm64 | 2.0 | 32.00 | NOTE | |||
r-release-macos-x86_64 | 2.0 | 55.00 | NOTE | |||
r-release-windows-x86_64 | 2.0 | 29.00 | 80.00 | 109.00 | NOTE | |
r-oldrel-macos-arm64 | 2.0 | 30.00 | NOTE | |||
r-oldrel-macos-x86_64 | 2.0 | 50.00 | NOTE | |||
r-oldrel-windows-x86_64 | 2.0 | 34.00 | 94.00 | 128.00 | NOTE |
Version: 2.0
Check: C++ specification
Result: NOTE
Specified C++11: please drop specification unless essential
Flavors: r-devel-linux-x86_64-debian-clang, r-devel-linux-x86_64-debian-gcc, r-devel-linux-x86_64-fedora-clang, r-devel-linux-x86_64-fedora-gcc, r-devel-windows-x86_64, r-patched-linux-x86_64, r-release-linux-x86_64, r-release-macos-arm64, r-release-macos-x86_64, r-release-windows-x86_64, r-oldrel-macos-arm64, r-oldrel-macos-x86_64, r-oldrel-windows-x86_64