Last updated on 2025-07-08 14:49:32 CEST.
Flavor | Version | Tinstall | Tcheck | Ttotal | Status | Flags |
---|---|---|---|---|---|---|
r-devel-linux-x86_64-debian-clang | 0.1.3 | 132.87 | 26.10 | 158.97 | NOTE | |
r-devel-linux-x86_64-debian-gcc | 0.1.3 | 88.25 | 20.97 | 109.22 | NOTE | |
r-devel-linux-x86_64-fedora-clang | 0.1.3 | 313.24 | NOTE | |||
r-devel-linux-x86_64-fedora-gcc | 0.1.3 | 258.65 | NOTE | |||
r-devel-windows-x86_64 | 0.1.3 | 148.00 | 66.00 | 214.00 | NOTE | |
r-patched-linux-x86_64 | 0.1.3 | 127.89 | 24.14 | 152.03 | NOTE | |
r-release-linux-x86_64 | 0.1.3 | 128.26 | 24.08 | 152.34 | NOTE | |
r-release-macos-arm64 | 0.1.3 | 64.00 | NOTE | |||
r-release-macos-x86_64 | 0.1.3 | 69.00 | NOTE | |||
r-release-windows-x86_64 | 0.1.3 | 150.00 | 69.00 | 219.00 | NOTE | |
r-oldrel-macos-arm64 | 0.1.3 | 55.00 | NOTE | |||
r-oldrel-macos-x86_64 | 0.1.3 | 59.00 | NOTE | |||
r-oldrel-windows-x86_64 | 0.1.3 | 176.00 | 78.00 | 254.00 | NOTE |
Version: 0.1.3
Check: C++ specification
Result: NOTE
Specified C++11: please drop specification unless essential
Flavors: r-devel-linux-x86_64-debian-clang, r-devel-linux-x86_64-debian-gcc, r-devel-linux-x86_64-fedora-clang, r-devel-linux-x86_64-fedora-gcc, r-devel-windows-x86_64, r-patched-linux-x86_64, r-release-linux-x86_64, r-release-macos-arm64, r-release-macos-x86_64, r-release-windows-x86_64, r-oldrel-macos-arm64, r-oldrel-macos-x86_64, r-oldrel-windows-x86_64
Version: 0.1.3
Check: installed package size
Result: NOTE
installed size is 6.2Mb
sub-directories of 1Mb or more:
libs 6.1Mb
Flavors: r-oldrel-macos-arm64, r-oldrel-macos-x86_64