Last updated on 2025-10-24 18:49:50 CEST.
| Flavor | Version | Tinstall | Tcheck | Ttotal | Status | Flags |
|---|---|---|---|---|---|---|
| r-devel-linux-x86_64-debian-clang | 0.3.0 | 3.51 | 127.13 | 130.64 | NOTE | |
| r-devel-linux-x86_64-debian-gcc | 0.3.0 | 2.76 | 84.68 | 87.44 | NOTE | |
| r-devel-linux-x86_64-fedora-clang | 0.3.0 | 24.00 | 204.17 | 228.17 | NOTE | |
| r-devel-linux-x86_64-fedora-gcc | 0.3.0 | 221.36 | NOTE | |||
| r-devel-windows-x86_64 | 0.3.0 | 7.00 | 143.00 | 150.00 | NOTE | |
| r-patched-linux-x86_64 | 0.3.0 | 4.25 | 120.46 | 124.71 | NOTE | |
| r-release-linux-x86_64 | 0.3.0 | 3.54 | 120.66 | 124.20 | NOTE | |
| r-release-macos-arm64 | 0.3.0 | 2.00 | 65.00 | 67.00 | NOTE | |
| r-release-macos-x86_64 | 0.3.0 | 3.00 | 133.00 | 136.00 | OK | |
| r-release-windows-x86_64 | 0.3.0 | 6.00 | 146.00 | 152.00 | NOTE | |
| r-oldrel-macos-arm64 | 0.3.0 | 2.00 | 67.00 | 69.00 | OK | |
| r-oldrel-macos-x86_64 | 0.3.0 | 3.00 | 119.00 | 122.00 | OK | |
| r-oldrel-windows-x86_64 | 0.3.0 | 8.00 | 187.00 | 195.00 | OK |
Version: 0.3.0
Check: DESCRIPTION meta-information
Result: NOTE
Missing dependency on R >= 4.2.0 because package code uses the pipe
placeholder syntax added in R 4.2.0.
File(s) using such syntax:
‘boot_bw.R’ ‘boot_bw_estimate.R’ ‘post_strat_estimation.R’
Flavors: r-devel-linux-x86_64-debian-clang, r-devel-linux-x86_64-debian-gcc, r-devel-linux-x86_64-fedora-clang, r-devel-linux-x86_64-fedora-gcc, r-devel-windows-x86_64, r-patched-linux-x86_64, r-release-linux-x86_64, r-release-macos-arm64, r-release-windows-x86_64