CRAN Package Check Results for Package belex

Last updated on 2025-07-18 19:50:09 CEST.

Flavor Version Tinstall Tcheck Ttotal Status Flags
r-devel-linux-x86_64-debian-clang 0.1.0 1.73 18.89 20.62 OK
r-devel-linux-x86_64-debian-gcc 0.1.0 1.44 15.72 17.16 OK
r-devel-linux-x86_64-fedora-clang 0.1.0 30.37 OK
r-devel-linux-x86_64-fedora-gcc 0.1.0 29.83 OK
r-devel-windows-x86_64 0.1.0 3.00 39.00 42.00 OK
r-patched-linux-x86_64 0.1.0 1.67 17.00 18.67 OK
r-release-linux-x86_64 0.1.0 1.62 16.68 18.30 OK
r-release-macos-arm64 0.1.0 15.00 OK
r-release-macos-x86_64 0.1.0 32.00 OK
r-release-windows-x86_64 0.1.0 3.00 39.00 42.00 OK
r-oldrel-macos-arm64 0.1.0 18.00 NOTE
r-oldrel-macos-x86_64 0.1.0 29.00 NOTE
r-oldrel-windows-x86_64 0.1.0 3.00 37.00 40.00 NOTE

Check Details

Version: 0.1.0
Check: LazyData
Result: NOTE 'LazyData' is specified without a 'data' directory Flavors: r-oldrel-macos-arm64, r-oldrel-macos-x86_64, r-oldrel-windows-x86_64