CRAN Package Check Results for Package betaper

Last updated on 2025-04-29 13:51:17 CEST.

Flavor Version Tinstall Tcheck Ttotal Status Flags
r-devel-linux-x86_64-debian-clang 1.1-2 7.59 60.49 68.08 NOTE
r-devel-linux-x86_64-debian-gcc 1.1-2 5.49 45.63 51.12 NOTE
r-devel-linux-x86_64-fedora-clang 1.1-2 105.22 OK
r-devel-linux-x86_64-fedora-gcc 1.1-2 100.96 OK
r-devel-windows-x86_64 1.1-2 8.00 89.00 97.00 OK
r-patched-linux-x86_64 1.1-2 7.53 58.17 65.70 OK
r-release-linux-x86_64 1.1-2 5.91 58.05 63.96 OK
r-release-macos-arm64 1.1-2 42.00 OK
r-release-macos-x86_64 1.1-2 91.00 OK
r-release-windows-x86_64 1.1-2 9.00 92.00 101.00 OK
r-oldrel-macos-arm64 1.1-2 40.00 OK
r-oldrel-macos-x86_64 1.1-2 74.00 OK
r-oldrel-windows-x86_64 1.1-2 10.00 105.00 115.00 OK

Check Details

Version: 1.1-2
Check: CRAN incoming feasibility
Result: NOTE Maintainer: ‘Luis Cayuela <luis.cayuela@urjc.es>’ No Authors@R field in DESCRIPTION. Please add one, modifying Authors@R: c(person(given = "Luis", family = "Cayuela", role = c("aut", "cre"), email = "luis.cayuela@urjc.es"), person(given = "Marcelino", family = "de la Cruz", role = "aut")) as necessary. Found the following URLs which should use \doi (with the DOI name only): File ‘adonis_pertables.Rd’: http://dx.doi.org/10.1111/j.1600-0587.2009.05899.x File ‘cca_pertables.Rd’: http://dx.doi.org/10.1111/j.1600-0587.2009.05899.x File ‘mantel_pertables.Rd’: http://dx.doi.org/10.1111/j.1600-0587.2009.05899.x File ‘pertables.Rd’: http://dx.doi.org/10.1111/j.1600-0587.2009.05899.x File ‘rda_pertables.Rd’: http://dx.doi.org/10.1111/j.1600-0587.2009.05899.x Flavors: r-devel-linux-x86_64-debian-clang, r-devel-linux-x86_64-debian-gcc

Version: 1.1-2
Check: examples
Result: NOTE Examples with CPU (user + system) or elapsed time > 5s user system elapsed pertables 0.018 0.008 9.785 Flavor: r-devel-linux-x86_64-debian-clang

Version: 1.1-2
Check: examples
Result: NOTE Examples with CPU (user + system) or elapsed time > 5s user system elapsed pertables 0.011 0.01 5.241 Flavor: r-devel-linux-x86_64-debian-gcc